515	2025-03-28 20:11:55+00	t		0	155	2025-03-28 20:42:53.835508+00	t	success	f	nFOERVwoH	/home/mediacms.io/mediacms/media_files/hls/5d8217154fb147cabd48a6a5a1cd6963/master.m3u8	t	1	t	a3a99bc62ed30758ad33ba192c25e317	original/user/Sebitrollj/5d8217154fb147cabd48a6a5a1cd6963.Video_sans_titre_Realisee_avec_Clipchamp_38.mp4	{"filename": "/home/mediacms.io/mediacms/media_files/original/user/Sebitrollj/5d8217154fb147cabd48a6a5a1cd6963.Video_sans_titre_Realisee_avec_Clipchamp_38.mp4", "file_size": 382414526, "video_duration": 154.6, "video_frame_rate_n": "30", "video_frame_rate_d": "1", "video_bitrate": 19130.42, "video_width": 1920, "video_height": 1080, "video_codec": "h264", "has_video": true, "has_audio": true, "color_range": null, "color_space": null, "color_transfer": null, "color_primaries": null, "interlaced": false, "display_aspect_ratio": null, "sample_aspect_ratio": null, "audio_duration": 154.6, "audio_sample_rate": "48000", "audio_codec": "aac", "audio_bitrate": 187.5, "audio_channels": 2, "video_info": {"index": 0, "codec_name": "h264", "codec_long_name": "H.264 / AVC / MPEG-4 AVC / MPEG-4 part 10", "profile": "Main", "codec_type": "video", "codec_tag_string": "avc1", "codec_tag": "0x31637661", "width": 1920, "height": 1080, "coded_width": 1920, "coded_height": 1080, "closed_captions": 0, "film_grain": 0, "has_b_frames": 0, "pix_fmt": "yuv420p", "level": 41, "chroma_location": "left", "field_order": "progressive", "refs": 1, "is_avc": "true", "nal_length_size": "4", "id": "0x1", "r_frame_rate": "30/1", "avg_frame_rate": "30/1", "time_base": "1/15360", "start_pts": 0, "start_time": "0.000000", "duration_ts": 2374656, "duration": "154.600000", "bit_rate": "19589550", "bits_per_raw_sample": "8", "nb_frames": "4638", "extradata_size": 39, "disposition": {"default": 1, "dub": 0, "original": 0, "comment": 0, "lyrics": 0, "karaoke": 0, "forced": 0, "hearing_impaired": 0, "visual_impaired": 0, "clean_effects": 0, "attached_pic": 0, "timed_thumbnails": 0, "non_diegetic": 0, "captions": 0, "descriptions": 0, "metadata": 0, "dependent": 0, "still_image": 0}, "tags": {"language": "und", "handler_name": "VideoHandler", "vendor_id": "[0][0][0][0]"}}, "audio_info": {"index": 1, "codec_name": "aac", "codec_long_name": "AAC (Advanced Audio Coding)", "profile": "LC", "codec_type": "audio", "codec_tag_string": "mp4a", "codec_tag": "0x6134706d", "sample_fmt": "fltp", "sample_rate": "48000", "channels": 2, "channel_layout": "stereo", "bits_per_sample": 0, "initial_padding": 0, "id": "0x2", "r_frame_rate": "0/0", "avg_frame_rate": "0/0", "time_base": "1/48000", "start_pts": 0, "start_time": "0.000000", "duration_ts": 7420800, "duration": "154.600000", "bit_rate": "192003", "nb_frames": "7249", "extradata_size": 2, "disposition": {"default": 1, "dub": 0, "original": 0, "comment": 0, "lyrics": 0, "karaoke": 0, "forced": 0, "hearing_impaired": 0, "visual_impaired": 0, "clean_effects": 0, "attached_pic": 0, "timed_thumbnails": 0, "non_diegetic": 0, "captions": 0, "descriptions": 0, "metadata": 0, "dependent": 0, "still_image": 0}, "tags": {"language": "und", "handler_name": "SoundHandler", "vendor_id": "[0][0][0][0]"}}, "is_video": true, "md5sum": "a3a99bc62ed30758ad33ba192c25e317"}	video			original/thumbnails/user/Sebitrollj/5d8217154fb147cabd48a6a5a1cd6963_21gVwRD.Video_sans_titre_Realisee_avec_Clipchamp_38.mp4.jpg	0	'j8udufudzjw@gmail.com':5 'kiki':1,7,8 'kikilliam':2 'kikipeta':3 'sebitrollj':4,6	382.4MB	original/thumbnails/user/Sebitrollj/5d8217154fb147cabd48a6a5a1cd6963.Video_sans_titre_Realisee_avec_Clipchamp_38.mp4sprites.jpg	public	Kiki Kikilliam : Kikipeta	original/thumbnails/user/Sebitrollj/5d8217154fb147cabd48a6a5a1cd6963_AsnzKUr.Video_sans_titre_Realisee_avec_Clipchamp_38.mp4.jpg	136.7	5d821715-4fb1-47ca-bd48-a6a5a1cd6963			f	1080	22	\N	\N	20
686	2025-10-25 14:45:54+00	f		0	194	2025-10-25 15:27:22.349316+00	t	success	t	eRK7lV98E	/home/mediacms.io/mediacms/media_files/hls/9cc3028b2d6f4b7e98869cc26b1eda27/master.m3u8	t	1	t	b6c1dbe2c242dcbd488ffbf9ce46548c	original/user/Kazumi.Avali/9cc3028b2d6f4b7e98869cc26b1eda27.20251025162939.mkv	{"filename": "/home/mediacms.io/mediacms/media_files/original/user/Kazumi.Avali/9cc3028b2d6f4b7e98869cc26b1eda27.20251025162939.mkv", "file_size": 608296399, "video_duration": 193.505, "video_frame_rate_n": "60", "video_frame_rate_d": "1", "video_bitrate": 24398.54, "video_width": 1920, "video_height": 1080, "video_codec": "h264", "has_video": true, "has_audio": true, "color_range": "tv", "color_space": "bt709", "color_transfer": "bt709", "color_primaries": "bt709", "interlaced": false, "display_aspect_ratio": "16:9", "sample_aspect_ratio": "1:1", "audio_duration": 193.45, "audio_sample_rate": "48000", "audio_codec": "aac", "audio_bitrate": 154.21, "audio_channels": 2, "video_info": {"index": 0, "codec_name": "h264", "codec_long_name": "H.264 / AVC / MPEG-4 AVC / MPEG-4 part 10", "profile": "High", "codec_type": "video", "codec_tag_string": "[0][0][0][0]", "codec_tag": "0x0000", "width": 1920, "height": 1080, "coded_width": 1920, "coded_height": 1080, "closed_captions": 0, "film_grain": 0, "has_b_frames": 2, "sample_aspect_ratio": "1:1", "display_aspect_ratio": "16:9", "pix_fmt": "yuv420p", "level": 42, "color_range": "tv", "color_space": "bt709", "color_transfer": "bt709", "color_primaries": "bt709", "chroma_location": "left", "field_order": "progressive", "refs": 1, "is_avc": "true", "nal_length_size": "4", "r_frame_rate": "60/1", "avg_frame_rate": "60/1", "time_base": "1/1000", "start_pts": 21, "start_time": "0.021000", "bits_per_raw_sample": "8", "extradata_size": 49, "disposition": {"default": 0, "dub": 0, "original": 0, "comment": 0, "lyrics": 0, "karaoke": 0, "forced": 0, "hearing_impaired": 0, "visual_impaired": 0, "clean_effects": 0, "attached_pic": 0, "timed_thumbnails": 0, "non_diegetic": 0, "captions": 0, "descriptions": 0, "metadata": 0, "dependent": 0, "still_image": 0}, "tags": {"DURATION": "00:03:13.505000000"}}, "audio_info": {"index": 1, "codec_name": "aac", "codec_long_name": "AAC (Advanced Audio Coding)", "profile": "LC", "codec_type": "audio", "codec_tag_string": "[0][0][0][0]", "codec_tag": "0x0000", "sample_fmt": "fltp", "sample_rate": "48000", "channels": 2, "channel_layout": "stereo", "bits_per_sample": 0, "initial_padding": 0, "r_frame_rate": "0/0", "avg_frame_rate": "0/0", "time_base": "1/1000", "start_pts": 0, "start_time": "0.000000", "extradata_size": 5, "disposition": {"default": 0, "dub": 0, "original": 0, "comment": 0, "lyrics": 0, "karaoke": 0, "forced": 0, "hearing_impaired": 0, "visual_impaired": 0, "clean_effects": 0, "attached_pic": 0, "timed_thumbnails": 0, "non_diegetic": 0, "captions": 0, "descriptions": 0, "metadata": 0, "dependent": 0, "still_image": 0}, "tags": {"title": "simple_aac", "DURATION": "00:03:13.450000000"}}, "is_video": true, "md5sum": "b6c1dbe2c242dcbd488ffbf9ce46548c"}	video			original/thumbnails/user/Kazumi.Avali/9cc3028b2d6f4b7e98869cc26b1eda27_EucOLu1.20251025162939.mkv.jpg	0	'ambiance':1 'avali':14 'coded':10 'color':9 'halloween':6 'kazumi':13 'kazumi.avali':11 'kazumi.avali@gmail.com':12 'nrc':7 'sur':3 'totale':2 'twisted':4 'ver':8 'wonderland':5	608.3MB	original/thumbnails/user/Kazumi.Avali/9cc3028b2d6f4b7e98869cc26b1eda27.20251025162939.mkvsprites.jpg	public	ambiance totale sur ( Twisted Wonderland - This is Halloween (NRC Ver., Color Coded) )	original/thumbnails/user/Kazumi.Avali/9cc3028b2d6f4b7e98869cc26b1eda27_Go2CbnX.20251025162939.mkv.jpg	175.7	9cc3028b-2d6f-4b7e-9886-9cc26b1eda27			f	1080	12	\N	\N	1
577	2025-05-25 16:23:21+00	t		0	8	2025-05-25 16:23:33.880136+00	t	success	f	vn1JSpJpR	/home/mediacms.io/mediacms/media_files/hls/892568006c404c909fd8d277df532c89/master.m3u8	t	1	t	448b50dedcfaea823802cba6351c8515	original/user/PlaSmaShoro/892568006c404c909fd8d277df532c89.WHAT.mp4	{"filename": "/home/mediacms.io/mediacms/media_files/original/user/PlaSmaShoro/892568006c404c909fd8d277df532c89.WHAT.mp4", "file_size": 5266102, "video_duration": 7.5075, "video_frame_rate_n": "30000", "video_frame_rate_d": "1001", "video_bitrate": 5223.06, "video_width": 1920, "video_height": 1080, "video_codec": "h264", "has_video": true, "has_audio": true, "color_range": null, "color_space": null, "color_transfer": null, "color_primaries": null, "interlaced": false, "display_aspect_ratio": "16:9", "sample_aspect_ratio": "1:1", "audio_duration": 7.476825, "audio_sample_rate": "44100", "audio_codec": "aac", "audio_bitrate": 250.0, "audio_channels": 2, "video_info": {"index": 0, "codec_name": "h264", "codec_long_name": "H.264 / AVC / MPEG-4 AVC / MPEG-4 part 10", "profile": "Main", "codec_type": "video", "codec_tag_string": "avc1", "codec_tag": "0x31637661", "width": 1920, "height": 1080, "coded_width": 1920, "coded_height": 1080, "closed_captions": 0, "film_grain": 0, "has_b_frames": 0, "sample_aspect_ratio": "1:1", "display_aspect_ratio": "16:9", "pix_fmt": "yuv420p", "level": 40, "chroma_location": "left", "field_order": "progressive", "refs": 1, "is_avc": "true", "nal_length_size": "4", "id": "0x1", "r_frame_rate": "30000/1001", "avg_frame_rate": "90400/3003", "time_base": "1/30000", "start_pts": 0, "start_time": "0.000000", "duration_ts": 225225, "duration": "7.507500", "bit_rate": "5348415", "bits_per_raw_sample": "8", "nb_frames": "226", "extradata_size": 37, "disposition": {"default": 1, "dub": 0, "original": 0, "comment": 0, "lyrics": 0, "karaoke": 0, "forced": 0, "hearing_impaired": 0, "visual_impaired": 0, "clean_effects": 0, "attached_pic": 0, "timed_thumbnails": 0, "non_diegetic": 0, "captions": 0, "descriptions": 0, "metadata": 0, "dependent": 0, "still_image": 0}, "tags": {"language": "und", "handler_name": "VideoHandler", "vendor_id": "[0][0][0][0]"}}, "audio_info": {"index": 1, "codec_name": "aac", "codec_long_name": "AAC (Advanced Audio Coding)", "profile": "LC", "codec_type": "audio", "codec_tag_string": "mp4a", "codec_tag": "0x6134706d", "sample_fmt": "fltp", "sample_rate": "44100", "channels": 2, "channel_layout": "stereo", "bits_per_sample": 0, "initial_padding": 0, "id": "0x2", "r_frame_rate": "0/0", "avg_frame_rate": "0/0", "time_base": "1/44100", "start_pts": 0, "start_time": "0.000000", "duration_ts": 329728, "duration": "7.476825", "bit_rate": "255999", "nb_frames": "322", "extradata_size": 2, "disposition": {"default": 1, "dub": 0, "original": 0, "comment": 0, "lyrics": 0, "karaoke": 0, "forced": 0, "hearing_impaired": 0, "visual_impaired": 0, "clean_effects": 0, "attached_pic": 0, "timed_thumbnails": 0, "non_diegetic": 0, "captions": 0, "descriptions": 0, "metadata": 0, "dependent": 0, "still_image": 0}, "tags": {"language": "und", "handler_name": "SoundHandler", "vendor_id": "[0][0][0][0]"}}, "is_video": true, "md5sum": "448b50dedcfaea823802cba6351c8515"}	video			original/thumbnails/user/PlaSmaShoro/892568006c404c909fd8d277df532c89_hUAZayF.WHAT.mp4.jpg	0	'crowended@gmail.com':4 'lightshoro':1 'moan':2 'plasmashoro':3,5	5.3MB	original/thumbnails/user/PlaSmaShoro/892568006c404c909fd8d277df532c89.WHAT.mp4sprites.jpg	public	Lightshoro moan	original/thumbnails/user/PlaSmaShoro/892568006c404c909fd8d277df532c89_r2ibTH4.WHAT.mp4.jpg	6.6	89256800-6c40-4c90-9fd8-d277df532c89			f	1080	47	\N	\N	16
648	2025-08-26 19:15:21+00	t		0	37	2025-08-26 19:30:29.129185+00	t	success	f	AMDiXTD8J	/home/mediacms.io/mediacms/media_files/hls/1986fc4b348947d889a22a6197b548ed/master.m3u8	t	1	t	7ce0ea4bcd254eaf3b5e86f268796c76	original/user/PlaSmaShoro/1986fc4b348947d889a22a6197b548ed.1.mp4	{"filename": "/home/mediacms.io/mediacms/media_files/original/user/PlaSmaShoro/1986fc4b348947d889a22a6197b548ed.1.mp4", "file_size": 44117570, "video_duration": 37.037, "video_frame_rate_n": "30000", "video_frame_rate_d": "1001", "video_bitrate": 9049.42, "video_width": 1920, "video_height": 1080, "video_codec": "h264", "has_video": true, "has_audio": true, "color_range": null, "color_space": null, "color_transfer": null, "color_primaries": null, "interlaced": false, "display_aspect_ratio": "16:9", "sample_aspect_ratio": "1:1", "audio_duration": 36.989388, "audio_sample_rate": "44100", "audio_codec": "aac", "audio_bitrate": 250.04, "audio_channels": 2, "video_info": {"index": 0, "codec_name": "h264", "codec_long_name": "H.264 / AVC / MPEG-4 AVC / MPEG-4 part 10", "profile": "Main", "codec_type": "video", "codec_tag_string": "avc1", "codec_tag": "0x31637661", "width": 1920, "height": 1080, "coded_width": 1920, "coded_height": 1080, "closed_captions": 0, "film_grain": 0, "has_b_frames": 0, "sample_aspect_ratio": "1:1", "display_aspect_ratio": "16:9", "pix_fmt": "yuv420p", "level": 40, "chroma_location": "left", "field_order": "progressive", "refs": 1, "is_avc": "true", "nal_length_size": "4", "id": "0x1", "r_frame_rate": "30000/1001", "avg_frame_rate": "101000/3367", "time_base": "1/30000", "start_pts": 0, "start_time": "0.000000", "duration_ts": 1111110, "duration": "37.037000", "bit_rate": "9266606", "bits_per_raw_sample": "8", "nb_frames": "1111", "extradata_size": 37, "disposition": {"default": 1, "dub": 0, "original": 0, "comment": 0, "lyrics": 0, "karaoke": 0, "forced": 0, "hearing_impaired": 0, "visual_impaired": 0, "clean_effects": 0, "attached_pic": 0, "timed_thumbnails": 0, "non_diegetic": 0, "captions": 0, "descriptions": 0, "metadata": 0, "dependent": 0, "still_image": 0}, "tags": {"language": "und", "handler_name": "VideoHandler", "vendor_id": "[0][0][0][0]"}}, "audio_info": {"index": 1, "codec_name": "aac", "codec_long_name": "AAC (Advanced Audio Coding)", "profile": "LC", "codec_type": "audio", "codec_tag_string": "mp4a", "codec_tag": "0x6134706d", "sample_fmt": "fltp", "sample_rate": "44100", "channels": 2, "channel_layout": "stereo", "bits_per_sample": 0, "initial_padding": 0, "id": "0x2", "r_frame_rate": "0/0", "avg_frame_rate": "0/0", "time_base": "1/44100", "start_pts": 0, "start_time": "0.000000", "duration_ts": 1631232, "duration": "36.989388", "bit_rate": "256041", "nb_frames": "1593", "extradata_size": 2, "disposition": {"default": 1, "dub": 0, "original": 0, "comment": 0, "lyrics": 0, "karaoke": 0, "forced": 0, "hearing_impaired": 0, "visual_impaired": 0, "clean_effects": 0, "attached_pic": 0, "timed_thumbnails": 0, "non_diegetic": 0, "captions": 0, "descriptions": 0, "metadata": 0, "dependent": 0, "still_image": 0}, "tags": {"language": "und", "handler_name": "SoundHandler", "vendor_id": "[0][0][0][0]"}}, "is_video": true, "md5sum": "7ce0ea4bcd254eaf3b5e86f268796c76"}	video			original/thumbnails/user/PlaSmaShoro/1986fc4b348947d889a22a6197b548ed_oSoU2eq.1.mp4.jpg	0	'1':5 '2':1 'crowended@gmail.com':10 'cyan':2 'lizards':3 'plasmashoro':9,11 'prequel':8 'scug':6 'the':7 'vs':4	44.1MB	original/thumbnails/user/PlaSmaShoro/1986fc4b348947d889a22a6197b548ed.1.mp4sprites.jpg	public	2 cyan lizards vs 1 scug (The Prequel)	original/thumbnails/user/PlaSmaShoro/1986fc4b348947d889a22a6197b548ed_Md5Sw9T.1.mp4.jpg	31.1	1986fc4b-3489-47d8-89a2-2a6197b548ed	original/thumbnails/user/PlaSmaShoro/oknig_RtgwY1a.jpg	original/thumbnails/user/PlaSmaShoro/oknig.jpg	f	1080	12	\N	\N	16
704	2025-11-01 20:20:40+00	t		0	15	2025-11-01 20:23:03.298862+00	t	success	f	11u8jJhOz	/home/mediacms.io/mediacms/media_files/hls/eee47b37c5714e818a7578d8cb2d857d/master.m3u8	t	1	t	c492772bf291dfb6bebf3ae1e8d37fd2	original/user/Sebitrollj/eee47b37c5714e818a7578d8cb2d857d.MindVideo_20251101211909_111onlinevideocutter.com.mp4	{"filename": "/home/mediacms.io/mediacms/media_files/original/user/Sebitrollj/eee47b37c5714e818a7578d8cb2d857d.MindVideo_20251101211909_111onlinevideocutter.com.mp4", "file_size": 3061015, "video_duration": 14.833008, "video_frame_rate_n": "30", "video_frame_rate_d": "1", "video_bitrate": 1477.99, "video_width": 1310, "video_height": 720, "video_codec": "h264", "has_video": true, "has_audio": true, "color_range": null, "color_space": null, "color_transfer": null, "color_primaries": null, "interlaced": false, "display_aspect_ratio": "131:72", "sample_aspect_ratio": "1:1", "audio_duration": 14.831, "audio_sample_rate": "96000", "audio_codec": "aac", "audio_bitrate": 125.13, "audio_channels": 2, "video_info": {"index": 1, "codec_name": "h264", "codec_long_name": "H.264 / AVC / MPEG-4 AVC / MPEG-4 part 10", "profile": "High", "codec_type": "video", "codec_tag_string": "avc1", "codec_tag": "0x31637661", "width": 1310, "height": 720, "coded_width": 1310, "coded_height": 720, "closed_captions": 0, "film_grain": 0, "has_b_frames": 2, "sample_aspect_ratio": "1:1", "display_aspect_ratio": "131:72", "pix_fmt": "yuv420p", "level": 41, "chroma_location": "left", "field_order": "progressive", "refs": 1, "is_avc": "true", "nal_length_size": "4", "id": "0x2", "r_frame_rate": "30/1", "avg_frame_rate": "30/1", "time_base": "1/15360", "start_pts": 0, "start_time": "0.000000", "duration_ts": 227835, "duration": "14.833008", "bit_rate": "1513463", "bits_per_raw_sample": "8", "nb_frames": "445", "extradata_size": 47, "disposition": {"default": 1, "dub": 0, "original": 0, "comment": 0, "lyrics": 0, "karaoke": 0, "forced": 0, "hearing_impaired": 0, "visual_impaired": 0, "clean_effects": 0, "attached_pic": 0, "timed_thumbnails": 0, "non_diegetic": 0, "captions": 0, "descriptions": 0, "metadata": 0, "dependent": 0, "still_image": 0}, "tags": {"language": "und", "handler_name": "VideoHandler", "vendor_id": "[0][0][0][0]", "encoder": "Lavc62.11.100 libx264"}}, "audio_info": {"index": 0, "codec_name": "aac", "codec_long_name": "AAC (Advanced Audio Coding)", "profile": "LC", "codec_type": "audio", "codec_tag_string": "mp4a", "codec_tag": "0x6134706d", "sample_fmt": "fltp", "sample_rate": "96000", "channels": 2, "channel_layout": "stereo", "bits_per_sample": 0, "initial_padding": 0, "id": "0x1", "r_frame_rate": "0/0", "avg_frame_rate": "0/0", "time_base": "1/96000", "start_pts": 0, "start_time": "0.000000", "duration_ts": 1423776, "duration": "14.831000", "bit_rate": "128135", "nb_frames": "1384", "extradata_size": 5, "disposition": {"default": 1, "dub": 0, "original": 0, "comment": 0, "lyrics": 0, "karaoke": 0, "forced": 0, "hearing_impaired": 0, "visual_impaired": 0, "clean_effects": 0, "attached_pic": 0, "timed_thumbnails": 0, "non_diegetic": 0, "captions": 0, "descriptions": 0, "metadata": 0, "dependent": 0, "still_image": 0}, "tags": {"language": "und", "handler_name": "SoundHandler", "vendor_id": "[0][0][0][0]"}}, "is_video": true, "md5sum": "c492772bf291dfb6bebf3ae1e8d37fd2"}	video		/home/mediacms.io/mediacms/media_files/encoded/1/Sebitrollj/eee47b37c5714e818a7578d8cb2d857d.tmp77kjyjkx.gif	original/thumbnails/user/Sebitrollj/eee47b37c5714e818a7578d8cb2d857d_KeaVVu7.MindVideo_20251101211909_111onlinevideocutter.com.mp4.jpg	0	'8':4 'j8udufudzjw@gmail.com':6 'kiki':8,9 'kikiskothèque':2 'saison':3 'sebitrollj':5,7 'teaser':1	3.1MB	original/thumbnails/user/Sebitrollj/eee47b37c5714e818a7578d8cb2d857d.MindVideo_20251101211909_111onlinevideocutter.com.mp4sprites.jpg	public	Teaser Kikiskothèque Saison 8	original/thumbnails/user/Sebitrollj/eee47b37c5714e818a7578d8cb2d857d_i2jhZz1.MindVideo_20251101211909_111onlinevideocutter.com.mp4.jpg	13.9	eee47b37-c571-4e81-8a75-78d8cb2d857d	original/thumbnails/user/Sebitrollj/image_2025-11-01_212301132_J1lxrWR.jpg	original/thumbnails/user/Sebitrollj/image_2025-11-01_212301132.jpg	f	720	7	\N	\N	20
\.


--
-- Data for Name: files_media_category; Type: TABLE DATA; Schema: public; Owner: mediacms
--

COPY public.files_media_category (id, media_id, category_id) FROM stdin;
1	9	1
2	19	5
3	20	5
4	10	5
5	17	5
6	25	5
7	27	1
8	35	1
9	41	5
10	42	5
11	65	2
12	69	2
13	73	3
14	74	1
24	135	7
25	86	7
26	23	7
27	22	7
28	7	7
29	6	7
30	24	7
31	136	7
33	221	1
34	251	1
35	265	1
36	357	5
37	376	7
38	656	3
39	442	8
40	443	8
41	444	8
42	446	8
43	447	8
44	448	8
45	449	8
46	450	8
47	451	8
48	452	8
49	453	8
50	454	8
51	455	8
52	456	8
53	457	8
54	458	8
55	459	8
56	460	8
57	461	8
58	462	8
59	463	8
60	464	8
61	465	8
62	466	8
63	467	8
64	468	8
65	469	8
66	470	8
67	471	8
68	472	8
69	473	8
70	474	8
71	475	8
72	476	8
73	477	8
74	478	8
75	479	8
76	480	8
77	481	8
78	482	8
79	483	8
80	484	8
81	485	8
82	486	8
83	487	8
84	488	8
85	489	8
86	490	8
87	491	8
88	492	8
89	493	8
90	494	8
91	501	8
92	502	8
93	503	8
94	504	8
95	505	8
96	674	2
97	679	5
98	680	5
99	681	5
100	682	5
101	683	5
102	684	5
103	685	5
104	686	5
105	687	5
106	688	5
107	689	2
108	692	5
109	695	5
110	697	5
\.


--
-- Data for Name: files_media_rating_category; Type: TABLE DATA; Schema: public; Owner: mediacms
--

COPY public.files_media_rating_category (id, media_id, ratingcategory_id) FROM stdin;
\.


--
-- Data for Name: files_media_tags; Type: TABLE DATA; Schema: public; Owner: mediacms
--

COPY public.files_media_tags (id, media_id, tag_id) FROM stdin;
407	473	42
410	475	42
411	475	45
413	477	42
415	479	42
7	12	1
8	12	7
9	12	6
10	12	8
417	481	42
419	483	42
421	485	42
15	13	4
16	13	5
17	13	6
18	13	3
19	14	9
20	14	10
21	14	6
22	14	4
423	487	42
425	489	42
427	491	42
429	493	42
431	501	42
433	503	42
435	505	42
214	495	42
215	496	42
216	497	42
217	498	42
218	499	42
53	26	14
54	26	15
55	26	16
56	26	17
57	27	18
58	27	12
59	28	13
64	29	21
65	29	20
66	29	19
67	29	14
224	507	42
225	508	42
437	666	42
227	509	42
229	510	42
445	674	48
231	512	42
232	511	42
233	511	46
234	511	47
235	513	42
236	513	46
237	513	47
238	514	42
446	674	50
84	43	24
85	43	25
86	43	14
87	44	12
88	44	26
89	44	4
90	44	11
91	44	27
92	45	14
93	45	28
94	45	6
95	65	6
96	65	29
97	65	30
98	65	31
99	69	1
240	515	42
241	516	42
242	517	42
243	518	42
244	519	42
447	674	49
106	35	23
107	35	22
246	521	42
247	522	42
248	523	42
249	524	42
250	525	42
254	527	42
255	528	42
256	529	42
257	530	42
258	531	45
130	164	37
131	167	38
132	251	39
133	251	40
134	251	41
259	531	42
462	663	26
463	663	60
464	663	61
470	660	66
471	660	28
472	660	67
476	643	69
263	533	42
147	445	42
477	643	70
478	643	71
479	643	48
265	534	46
480	643	72
486	635	77
487	635	78
488	635	67
495	671	57
496	671	46
497	671	59
498	671	58
266	534	42
267	535	42
268	536	43
499	671	54
500	671	78
504	654	68
505	654	46
506	654	10
507	654	79
508	654	78
513	625	42
514	625	78
515	625	82
516	625	83
517	625	46
524	623	46
525	623	84
526	623	83
527	623	82
273	538	46
274	538	42
528	623	78
545	596	85
546	596	10
547	596	78
286	542	42
287	542	46
288	520	42
289	520	46
290	546	46
291	546	42
292	540	42
293	559	42
294	562	42
297	564	42
298	564	46
299	565	42
301	568	42
302	539	42
303	539	46
305	571	42
310	573	46
311	573	42
312	574	42
313	574	46
314	574	47
315	576	42
316	580	42
317	581	42
318	581	46
319	583	42
320	583	46
321	584	42
322	586	42
323	586	46
408	474	46
409	474	42
412	476	42
327	604	42
328	604	46
414	478	42
330	605	42
331	608	42
332	609	42
333	609	46
334	615	42
335	617	42
416	480	42
418	482	42
420	484	42
339	620	42
340	628	42
341	603	42
342	603	46
422	486	42
344	631	42
345	632	42
346	633	42
347	630	42
348	634	42
424	488	42
426	490	42
428	492	42
430	494	42
432	502	42
434	504	42
356	526	46
357	526	42
358	526	47
438	667	42
360	637	43
361	637	42
362	639	42
363	639	46
439	673	42
440	673	46
366	656	42
369	658	46
370	658	42
371	659	42
373	662	42
374	664	46
375	664	42
376	443	42
377	444	42
378	446	42
379	447	42
380	448	42
381	449	42
382	450	42
383	451	42
384	452	42
385	453	42
386	454	42
387	455	42
388	456	42
389	457	42
390	458	42
391	459	43
392	460	43
393	461	42
394	461	44
395	462	42
396	463	42
397	464	42
398	465	42
399	466	42
400	467	42
401	467	44
402	468	42
403	469	42
404	470	42
405	471	42
406	472	42
465	661	8
466	661	62
467	661	63
468	661	64
469	661	65
481	636	73
482	636	8
483	636	74
484	636	75
485	636	76
489	672	53
490	672	55
491	672	56
492	672	46
493	672	54
494	672	78
501	675	52
502	675	51
503	675	78
509	629	80
510	629	81
511	629	58
512	629	46
518	624	8
519	624	82
520	624	83
521	624	78
522	624	84
523	624	46
529	599	85
530	599	86
531	599	78
532	599	71
533	599	58
534	599	46
535	599	10
542	597	87
543	597	46
544	597	69
548	596	86
549	596	46
550	596	88
551	596	58
552	596	71
553	596	59
554	598	85
555	598	46
556	598	58
557	598	71
558	598	78
559	598	10
560	598	86
564	595	67
565	595	42
566	595	8
567	595	89
568	595	81
569	594	90
570	594	46
571	594	91
572	588	85
573	588	86
574	588	78
575	588	10
576	588	46
577	588	79
578	588	92
579	572	93
580	572	46
581	572	78
582	544	94
583	544	95
584	544	96
585	544	97
586	544	98
587	544	99
588	544	100
589	544	101
590	544	102
591	544	46
592	532	10
593	532	103
594	438	69
595	438	78
596	438	104
597	438	46
598	437	105
599	437	67
600	437	8
601	437	106
602	437	107
603	437	42
604	437	108
605	436	109
606	436	110
607	436	46
608	435	111
609	435	112
610	435	113
625	432	84
626	432	116
627	432	46
628	432	59
629	432	115
630	432	58
631	432	117
632	432	114
633	432	23
634	432	118
635	431	119
636	431	120
637	431	121
638	431	122
639	431	123
640	431	46
641	431	58
642	431	124
643	430	10
644	430	78
645	430	79
646	430	125
647	430	46
648	429	126
649	429	59
650	429	46
653	428	46
654	428	14
655	428	127
656	427	128
657	427	129
658	427	130
659	425	26
660	425	12
661	425	131
662	424	132
663	424	8
664	424	133
665	423	134
666	423	46
667	423	8
668	423	135
669	422	105
670	422	67
671	422	46
672	422	59
673	422	58
674	421	128
675	421	136
676	420	137
677	420	119
678	420	120
679	420	121
680	420	8
681	419	87
682	418	82
683	418	138
684	418	46
685	418	58
686	418	139
687	416	8
688	416	140
689	416	141
690	416	142
691	415	143
692	413	46
693	413	78
694	413	10
695	413	79
696	412	46
697	412	53
698	412	78
699	412	144
706	411	147
707	411	46
708	411	145
709	411	146
710	411	78
711	411	10
712	411	59
716	410	149
717	410	148
718	410	10
719	410	59
720	410	46
721	410	58
722	409	150
723	409	8
724	409	78
725	409	10
726	409	151
727	409	46
728	408	46
729	408	118
730	408	8
731	408	152
732	408	153
733	408	154
734	408	155
735	404	54
736	404	8
737	404	156
738	404	157
739	403	8
740	403	145
741	403	158
742	403	42
743	401	14
744	401	46
745	401	159
746	400	160
747	400	161
748	400	162
749	400	163
750	400	164
751	400	165
752	399	166
753	399	167
754	399	118
761	394	170
762	394	171
763	394	84
764	394	88
765	394	169
766	394	168
767	394	73
771	388	173
772	388	54
773	388	172
774	388	174
775	384	175
776	384	46
777	381	46
778	381	176
779	380	177
780	380	178
781	380	179
782	380	46
783	380	58
784	380	180
787	379	160
788	379	161
789	379	162
790	379	163
791	379	164
792	379	181
793	378	78
794	378	10
795	378	46
796	378	182
797	374	93
798	374	46
799	374	78
800	373	46
801	373	84
802	373	183
803	373	125
804	373	8
805	373	10
806	373	88
807	373	78
808	372	58
809	372	131
810	372	184
811	372	78
812	372	10
818	371	73
819	371	84
820	371	183
821	371	46
822	371	185
823	371	78
824	371	10
832	369	184
833	369	46
834	369	131
835	369	59
836	369	58
837	369	78
838	369	10
839	370	186
840	370	46
841	370	184
842	370	131
843	370	59
844	370	58
845	370	187
846	370	78
847	370	10
849	433	46
850	433	8
851	433	79
852	433	78
853	433	10
854	676	42
855	694	42
856	694	46
858	704	42
\.


--
-- Data for Name: files_playlist; Type: TABLE DATA; Schema: public; Owner: mediacms
--

COPY public.files_playlist (id, add_date, description, friendly_token, title, uid, user_id) FROM stdin;
1	2023-02-02 20:14:14.793753+00		yN28RfsVQ	FOXTALE OST	0706344e-21e1-46b8-a04c-ba3cf035233e	2
3	2023-10-04 17:34:30.946673+00		Wa7KdRbU7	Ultrakill Speedrun	c8760b0a-f9ec-4222-bfde-b45806de4967	3
4	2024-09-23 18:34:17.262832+00		bGcqCU97O	lmao	0e27ca4d-52ff-4973-9665-21c37ea3fbc0	16
5	2025-03-25 21:01:59.640344+00	Kiki Kiki	vdZN5JQOZ	Kikiskothek Saison 1	74dcca6d-95b1-4a64-9e54-3f61f2a28fc9	20
6	2025-03-25 21:18:29.242563+00	Bienvenue dans l'archive de la # 𝗞𝗶𝗸𝗶𝘀𝗸𝗼𝘁𝗵𝗲̀𝗾𝘂𝗲 - 𝗦𝗮𝗶𝘀𝗼𝗻 𝗙𝗲𝘀𝘁𝗶𝘃𝗲𝘀.	rIXcGJ1ie	𝗞𝗶𝗸𝗶𝘀𝗸𝗼𝘁𝗵𝗲̀𝗾𝘂𝗲 - 𝗦𝗮𝗶𝘀𝗼𝗻 𝗙𝗲𝘀𝘁𝗶𝘃𝗲𝘀	29938d8e-0814-474b-b151-6cdc71cec21d	20
7	2025-03-25 21:37:01.836933+00		jFmwW7NEt	Randoms	670ffce3-97e8-42f5-962f-b67916d68e2c	20
9	2025-03-26 18:28:34.46812+00	Kiki	Edct8oqin	Kikiskothek Saison 2	9a5978bf-e546-491f-85e1-b6a80087ed2d	20
10	2025-03-26 18:28:48.051299+00	Kiki	9Fak8QyWx	Kikiskothek Saison 3	f9d127d2-6c73-480f-b1b3-f773433ad003	20
11	2025-03-26 21:34:00.930884+00		USQvcCI2L	Kikiskothek Saison 4	59c9446e-f3c9-484b-8c37-fd56237880bd	20
12	2025-03-28 20:16:57.663698+00		dnu196mqh	Kikiskothek Saison 5	6f51a024-5ebc-45c7-be8b-b3473303c565	20
13	2025-03-28 20:39:04.824368+00		L7PbuwTxp	Salle !	c4a15ba2-2ef0-406d-93ac-bb4a8242b4ee	20
14	2025-03-28 21:29:55.730723+00		kzzBEitP0	Kikiskothek Saison 6	ee283645-6d79-4116-bc42-415c589862e9	20
15	2025-05-13 16:49:38.864967+00		AewjELhT5	Kikiskothek Saison 7	1429a82a-7a56-466e-b99f-04834ccffa94	20
\.


--
-- Data for Name: files_playlistmedia; Type: TABLE DATA; Schema: public; Owner: mediacms
--

COPY public.files_playlistmedia (id, action_date, ordering, media_id, playlist_id) FROM stdin;
1	2023-02-02 20:14:15.909057+00	1	9	1
2	2023-10-04 17:34:31.96248+00	1	208	3
3	2023-10-04 17:59:12.510117+00	2	209	3
4	2023-10-04 18:15:11.487329+00	3	210	3
5	2023-10-05 13:14:00.572923+00	4	211	3
109	2025-04-04 17:44:12.766782+00	11	540	14
7	2024-09-23 18:34:19.579562+00	1	335	4
8	2024-09-23 18:34:27.489224+00	2	333	4
9	2024-09-23 18:36:27.856638+00	3	192	4
10	2025-03-25 21:02:00.93643+00	1	442	5
11	2025-03-25 21:02:16.243379+00	2	455	5
12	2025-03-25 21:02:24.344695+00	3	453	5
13	2025-03-25 21:02:29.82575+00	4	454	5
14	2025-03-25 21:02:36.719821+00	5	452	5
15	2025-03-25 21:02:42.050104+00	6	449	5
16	2025-03-25 21:02:48.799984+00	7	448	5
17	2025-03-25 21:02:55.057536+00	8	447	5
18	2025-03-25 21:03:00.354179+00	9	443	5
19	2025-03-25 21:03:06.448861+00	10	445	5
20	2025-03-25 21:03:13.246367+00	11	450	5
21	2025-03-25 21:03:21.648819+00	12	444	5
22	2025-03-25 21:03:28.846377+00	13	446	5
112	2025-04-04 17:44:28.2161+00	8	529	14
24	2025-03-25 21:18:38.680938+00	1	458	6
25	2025-03-25 21:18:45.282407+00	2	457	6
26	2025-03-25 21:18:49.543253+00	3	456	6
62	2025-03-26 21:32:29.428912+00	3	506	7
28	2025-03-25 21:37:49.578111+00	1	460	7
27	2025-03-25 21:37:49.660017+00	2	459	7
29	2025-03-26 18:28:49.147354+00	1	490	10
69	2025-03-26 22:29:28.763739+00	15	496	11
31	2025-03-26 18:28:58.345061+00	2	489	10
32	2025-03-26 18:29:14.67936+00	3	486	10
33	2025-03-26 18:29:22.69485+00	4	484	10
34	2025-03-26 18:29:31.247505+00	5	487	10
35	2025-03-26 18:29:43.216255+00	6	482	10
36	2025-03-26 18:29:48.661155+00	7	488	10
37	2025-03-26 18:29:54.372586+00	8	480	10
38	2025-03-26 18:30:01.523227+00	9	485	10
39	2025-03-26 18:30:08.699856+00	10	481	10
40	2025-03-26 18:30:14.329999+00	11	478	10
41	2025-03-26 18:30:19.628965+00	12	483	10
42	2025-03-26 18:30:24.831508+00	13	479	10
43	2025-03-26 18:30:30.706784+00	14	477	10
44	2025-03-26 18:30:35.190693+00	15	476	10
45	2025-03-26 18:30:57.090267+00	1	475	9
46	2025-03-26 18:31:04.373575+00	2	472	9
47	2025-03-26 18:31:09.501399+00	3	470	9
48	2025-03-26 18:31:15.685528+00	4	473	9
49	2025-03-26 18:31:21.073893+00	5	474	9
58	2025-04-02 08:47:25.414972+00	14	471	9
59	2025-04-02 08:47:25.490776+00	15	467	9
52	2025-03-26 18:31:40.582429+00	8	462	9
60	2025-04-02 08:47:25.561878+00	16	468	9
61	2025-04-02 08:47:25.636757+00	17	469	9
97	2025-04-04 17:43:11.770969+00	3	526	14
73	2025-03-26 22:28:02.32222+00	3	500	11
100	2025-04-04 17:43:40.779259+00	5	527	14
101	2025-04-04 17:44:28.22748+00	7	528	14
67	2025-03-26 22:29:28.764997+00	14	495	11
127	2025-06-28 20:17:48.613329+00	15	518	12
78	2025-06-28 08:45:44.423425+00	1	507	12
80	2025-03-28 20:28:19.644012+00	3	509	12
81	2025-03-28 20:28:23.330302+00	4	510	12
82	2025-04-30 22:59:19.657411+00	5	511	12
68	2025-03-26 22:28:47.251875+00	4	497	11
104	2025-03-29 20:11:25.150082+00	7	534	13
76	2025-03-26 22:27:39.981768+00	1	505	11
63	2025-03-26 22:28:47.28708+00	5	491	11
83	2025-04-30 22:59:19.662314+00	6	512	12
84	2025-03-28 20:38:13.408962+00	7	513	12
71	2025-03-26 22:29:02.59167+00	6	498	11
94	2025-04-04 17:43:40.788938+00	6	523	14
72	2025-03-26 22:29:07.072381+00	7	499	11
106	2025-03-30 15:18:32.826593+00	8	536	13
89	2025-03-28 20:42:23.409433+00	8	514	12
90	2025-03-28 21:26:05.537988+00	9	516	12
92	2025-03-28 21:28:26.034316+00	10	520	12
93	2025-03-28 21:28:52.340014+00	11	521	12
75	2025-03-26 22:27:52.515262+00	2	504	11
95	2025-04-04 17:44:28.228334+00	9	524	14
102	2025-04-04 17:43:08.15996+00	2	530	14
70	2025-03-26 22:29:12.843131+00	8	502	11
64	2025-03-26 22:29:12.852051+00	9	492	11
66	2025-03-26 22:29:18.682258+00	10	493	11
74	2025-03-26 22:29:22.940048+00	11	501	11
99	2025-03-28 21:31:23.525316+00	6	526	13
65	2025-03-26 22:29:28.755647+00	13	494	11
77	2025-03-26 22:29:28.758223+00	12	503	11
111	2025-04-04 17:43:36.443425+00	4	525	14
87	2025-03-28 21:36:46.447807+00	1	460	13
107	2025-03-31 14:56:40.842151+00	5	538	7
88	2025-03-28 21:36:47.784421+00	2	459	13
108	2025-04-02 08:47:24.796241+00	6	539	9
91	2025-03-28 21:36:53.404486+00	3	520	13
50	2025-04-02 08:47:24.880387+00	7	461	9
85	2025-03-28 21:36:54.993342+00	5	513	13
86	2025-03-28 21:36:54.996446+00	4	511	13
103	2025-03-29 20:10:18.368269+00	4	533	7
51	2025-04-02 08:47:25.03388+00	9	462	9
53	2025-04-02 08:47:25.110738+00	10	463	9
54	2025-04-02 08:47:25.185843+00	11	464	9
55	2025-04-02 08:47:25.26457+00	12	465	9
56	2025-04-02 08:47:25.337022+00	13	466	9
110	2025-04-04 17:43:00.388235+00	1	531	14
120	2025-04-15 13:37:54.345499+00	8	564	7
117	2025-04-06 19:17:30.29693+00	7	546	7
105	2025-04-04 17:44:12.687384+00	10	535	14
115	2025-04-05 17:22:52.510892+00	6	542	7
118	2025-04-09 14:22:04.887304+00	12	559	14
119	2025-04-13 17:12:25.638952+00	13	562	14
121	2025-04-16 17:42:57.547296+00	9	565	7
123	2025-04-22 15:41:02.775722+00	14	568	14
125	2025-04-23 16:12:49.043388+00	12	522	12
126	2025-04-23 16:13:06.367722+00	13	519	12
129	2025-04-23 16:13:24.494123+00	16	515	12
131	2025-04-28 12:30:18.980308+00	10	571	7
132	2025-05-13 16:49:30.022259+00	15	574	14
133	2025-05-20 18:47:01.220102+00	11	576	7
134	2025-06-01 18:12:16.300673+00	12	580	7
135	2025-06-01 18:37:05.471061+00	13	581	7
136	2025-06-07 08:40:52.162294+00	1	583	15
137	2025-06-07 08:48:31.89278+00	14	584	7
138	2025-06-07 09:22:05.953218+00	2	586	15
79	2025-06-28 08:45:44.430592+00	2	508	12
128	2025-06-28 20:17:48.615849+00	14	517	12
139	2025-06-30 14:09:00.669533+00	3	602	15
140	2025-06-30 14:34:31.34082+00	15	603	7
141	2025-06-30 14:40:44.889247+00	16	604	7
142	2025-07-03 20:04:14.6028+00	4	605	15
143	2025-07-06 12:16:32.99557+00	5	608	15
145	2025-07-06 14:08:29.938667+00	17	609	7
146	2025-07-15 08:59:29.913312+00	6	612	15
147	2025-07-19 16:16:28.457803+00	7	613	15
148	2025-07-20 17:35:05.467576+00	8	615	15
149	2025-07-21 09:49:38.526465+00	9	617	15
150	2025-07-21 11:05:14.566671+00	10	620	15
151	2025-07-29 19:13:36.534496+00	11	628	15
152	2025-08-02 19:50:01.982271+00	12	630	15
153	2025-08-02 20:01:27.529328+00	18	631	7
154	2025-08-03 14:43:39.028874+00	13	632	15
155	2025-08-03 15:09:48.518755+00	14	633	15
156	2025-08-08 19:26:13.187514+00	19	634	7
157	2025-08-12 10:03:50.018237+00	15	637	15
158	2025-08-12 10:03:50.603865+00	9	637	13
159	2025-08-13 18:48:55.30637+00	20	639	7
160	2025-08-30 09:32:46.049747+00	16	656	15
161	2025-09-04 09:23:36.226466+00	17	658	15
162	2025-09-07 15:38:53.83527+00	21	659	7
163	2025-09-25 10:45:53.434927+00	18	662	15
164	2025-09-28 15:57:59.062411+00	22	664	7
165	2025-10-06 12:41:01.596594+00	19	666	15
166	2025-10-06 20:40:23.563536+00	20	667	15
167	2025-10-16 09:28:07.870019+00	21	676	15
168	2025-10-29 16:14:12.708941+00	22	694	15
\.


--
-- Data for Name: files_rating; Type: TABLE DATA; Schema: public; Owner: mediacms
--

COPY public.files_rating (id, add_date, score, media_id, rating_category_id, user_id) FROM stdin;
\.


--
-- Data for Name: files_ratingcategory; Type: TABLE DATA; Schema: public; Owner: mediacms
--

COPY public.files_ratingcategory (id, description, enabled, title) FROM stdin;
\.


--
-- Data for Name: files_subtitle; Type: TABLE DATA; Schema: public; Owner: mediacms
--

COPY public.files_subtitle (id, subtitle_file, language_id, media_id, user_id) FROM stdin;
\.


--
-- Data for Name: files_tag; Type: TABLE DATA; Schema: public; Owner: mediacms
--

COPY public.files_tag (id, title, media_count, listings_thumbnail, user_id) FROM stdin;
50	pwama	1	/media/original/thumbnails/user/lightshoro/590ebf5033f1405a98bdf4ab75a71e9e_wwtfqkb.1745598196802.mp4.jpg	2
28	sniper	1	/media/original/thumbnails/user/cheapgriffy/d665813e901e41b4b476fae741996ca6.themostuselesssageult.mp4_aTuaacj.jpg	3
25	sexy-gameplay-pics	1	/media/original/thumbnails/user/cheapgriffy/hehe_u_dumb_e7mUe76.jpg	3
58	light	14	/media/original/thumbnails/user/cheapgriffy/da0e4417d9be4ebc859e61df9792f32f.wooooo.mp4_K1GeqSs.jpg	3
13	tf2	1	/media/original/thumbnails/user/cheapgriffy/8ca526d48b224c9aaf9e40dce8f2dd98.Verycutespy.mp4_d4ce7ry.jpg	3
37	broken-edge	1	/media/original/thumbnails/user/cheapgriffy/7513c1d535c041eba0742bb2f332a022.tyranbattle.mp4_dIxuZgy.jpg	3
2	rain-world-ultrakill-shitpost-meme	1	\N	3
12	drawing	2	/media/original/thumbnails/user/cheapgriffy/sfqd_WuZBYsl.jpg	3
44	manon	2	/media/original/thumbnails/user/Sebitrollj/8cace28ae2464da98853abb3c3136800_HmOwmDG.Video_sans_titre_Realisee_avec_Clipchamp_131.mp4.jpg	20
176	maiddress	0	/media/original/thumbnails/user/cheapgriffy/3cd74e08dc7a41c99069904802293d40.flowershop.mp4_kSjD8cI.jpg	3
1	rain-world	2	/media/original/thumbnails/user/cheapgriffy/073d98bf35f7496aa21522387d01db00.rapidsave.com_sluggy_grapple_tricks_im_proud-p0zvzlqqqnva1.mp4_wbZMg3M.jpg	3
45	kikilaga	2	/media/original/thumbnails/user/Sebitrollj/754a18f21a3b467d8cbabe4159dfe33a_G0CKfbZ.Video_sans_titre_Realisee_avec_Clipchamp_68.mp4.jpg	20
3	speedrun	1	/media/original/thumbnails/user/cheapgriffy/temp_RI44Np1.jpg	3
48	lightshoro	2	/media/original/thumbnails/user/cheapgriffy/b48b3d55d8e84d5e9f879ca357e818f0_ZTMA91I.verybadmic.mp4.jpg	2
23	uwu	2	/media/original/thumbnails/user/cheapgriffy/Screenshot_2_9H6qpTP.jpg	3
11	feet	1	/media/original/thumbnails/user/cheapgriffy/Screenshot_4_jylLSih.jpg	3
16	pthd	1	/media/original/thumbnails/user/cheapgriffy/fgerzsfd_aDxgzhP.jpg	3
27	toes	1	/media/original/thumbnails/user/cheapgriffy/Screenshot_4_jylLSih.jpg	3
30	silly	1	\N	3
51	underdog	1	/media/original/thumbnails/user/cheapgriffy/3d2e1debe2db4f039a24311009bdb65e_18HzI7T.alphadogcropped.mp4.jpg	3
17	lose	1	/media/original/thumbnails/user/cheapgriffy/fgerzsfd_aDxgzhP.jpg	3
31	very-silly	1	\N	3
55	ciel	1	/media/original/thumbnails/user/cheapgriffy/0a4a50e462a6491faf35e19854cc4a9e_W5WoCeM.fuite.mp4.jpg	3
10	vrchat	19	/media/original/thumbnails/user/cheapgriffy/Griffyromba_DjWpGwh.jpg	3
56	goofy	1	/media/original/thumbnails/user/cheapgriffy/0a4a50e462a6491faf35e19854cc4a9e_W5WoCeM.fuite.mp4.jpg	3
52	alphadog	1	/media/original/thumbnails/user/cheapgriffy/3d2e1debe2db4f039a24311009bdb65e_18HzI7T.alphadogcropped.mp4.jpg	3
39	badapple	1	/media/original/thumbnails/user/lightshoro/d2dae86ee9104262944029d7ff8e55bc.2023-12-02_03-19-35.mp4_jzQnCAb.jpg	2
26	speedpaint	1	/media/original/thumbnails/user/cheapgriffy/Screenshot_4_jylLSih.jpg	3
8	meme	15	/media/original/thumbnails/user/cheapgriffy/59a2ea3998e44c98b45005ee7373e06e.kikipwet.mp4_eNymU2o.jpg	3
59	kazumi	9	/media/original/thumbnails/user/cheapgriffy/5da2b63e56454c65b76364d648b4aff2.femmeventy.mp4_YikE8a5.jpg	3
62	uncrashed	0	/media/original/thumbnails/user/cheapgriffy/fb19b45ca2ad4fc39e0c4f07ab1839db_FARFrum.teletravail.mp4.jpg	3
47	theophile	4	/media/original/thumbnails/user/Sebitrollj/b9392c597aa24d8a8501da66c74ee7a8_onWfQvc.Video_sans_titre_Realisee_avec_Clipchamp_49.mp4.jpg	20
15	brimstone	1	/media/original/thumbnails/user/cheapgriffy/fgerzsfd_aDxgzhP.jpg	3
54	sakuya	4	/media/original/thumbnails/user/cheapgriffy/951270dd99704199a3047158ecc00c96.Sans_titre.mp4_vvXpc8x.jpg	3
40	virus	1	/media/original/thumbnails/user/lightshoro/d2dae86ee9104262944029d7ff8e55bc.2023-12-02_03-19-35.mp4_jzQnCAb.jpg	2
9	romba	1	/media/original/thumbnails/user/cheapgriffy/Griffyromba_DjWpGwh.jpg	3
18	google-drive	1	/media/original/thumbnails/user/cheapgriffy/sfqd_WuZBYsl.jpg	3
5	fursona	1	/media/original/thumbnails/user/cheapgriffy/temp_RI44Np1.jpg	3
21	clips	1	/media/original/thumbnails/user/cheapgriffy/2c4dcc5c098d4068994ee8c6b7a292d3.sexygriffysniperclip.mp4_78lNtMF.jpg	3
20	marshal	1	/media/original/thumbnails/user/cheapgriffy/2c4dcc5c098d4068994ee8c6b7a292d3.sexygriffysniperclip.mp4_78lNtMF.jpg	3
41	windows	1	/media/original/thumbnails/user/lightshoro/d2dae86ee9104262944029d7ff8e55bc.2023-12-02_03-19-35.mp4_jzQnCAb.jpg	2
60	macha	0	\N	3
19	operator	1	/media/original/thumbnails/user/cheapgriffy/2c4dcc5c098d4068994ee8c6b7a292d3.sexygriffysniperclip.mp4_78lNtMF.jpg	3
61	boobs	0	\N	3
63	drone	0	\N	3
22	very-scary	1	/media/original/thumbnails/user/cheapgriffy/Screenshot_2_9H6qpTP.jpg	3
64	teletravail	0	\N	3
6	shitpost	5	/media/original/thumbnails/user/cheapgriffy/732b4e59307c418e9782486fec03f2cd.bootygiggle64.mp4_IFoNilm.jpg	3
43	salle	4	/media/original/thumbnails/user/Sebitrollj/koach_RgsCa6M_IYTdLeO.jpg	20
172	sfm	1	/media/original/thumbnails/user/cheapgriffy/f4e8639e032f45a7add4aa9496474e18.caillou.mp4_HtHriUJ.jpg	3
71	plasma	4	/media/original/thumbnails/user/cheapgriffy/a227d50180194c5fa294ae7f636a44f0_7ezY3Ci.furalityrefrain.mp4.jpg	3
70	microphone	0	\N	3
73	cat	3	/media/original/thumbnails/user/cheapgriffy/6e40477c55834ab39f5c25a9389f1b20_taoHvv1.cat.mp4.jpg	3
72	smp	0	\N	3
67	amv	3	/media/original/thumbnails/user/cheapgriffy/ab9e65649e7346b1887e55f3d36cb049.carsex.mp4_KmdKKjh.jpg	3
74	speedup	0	\N	3
75	short	0	\N	3
76	explosion	0	\N	3
182	gravity	0	/media/original/thumbnails/user/cheapgriffy/6bfc4c3f965f4c2f903ce0fdba970e78.grav.mp4_ASDv7r2.jpg	3
184	heaventy	3	/media/original/thumbnails/user/cheapgriffy/1000730a493b41bebc83d0de612cb62b.en_chaleur.mp4_1qHMy56.jpg	3
183	gatto	2	/media/original/thumbnails/user/cheapgriffy/29ceca0486774e88be44154d1bab2d58.lechat.mp4_er6R7l2.jpg	3
164	sky	0	\N	3
85	furality	3	/media/original/thumbnails/user/cheapgriffy/be2b4e6b51c04fd1888250158f720133_igk5WDA.somnadiscovery.mp4.jpg	3
165	dad	0	\N	3
122	origin	0	/media/original/thumbnails/user/cheapgriffy/859addb6ff204eb2b7f1929f1f41a345.origins.mp4_om7mrda.jpg	3
179	nicolasjed	0	/media/original/thumbnails/user/cheapgriffy/ed9bf039fc4341fc81ba2dc73aaf93e4.screaaaam.mp4_OOrXNnJ.jpg	3
139	bomb	0	/media/original/thumbnails/user/cheapgriffy/84420c2435dc4af3b22f9191ffc8b21f.pour_la_patrie.mp4_Ut2qdhj.jpg	3
187	small	1	/media/original/thumbnails/user/cheapgriffy/77214d51d51548c79973e33b59afd69b.carameldancen2.mp4_IzZqZVR.jpg	3
99	world	0	/media/original/thumbnails/user/cheapgriffy/a7e8022fb53d4499b61a08a2d0830030_bI3laJJ.Championsroad.mp4.jpg	3
97	bros	0	/media/original/thumbnails/user/cheapgriffy/a7e8022fb53d4499b61a08a2d0830030_bI3laJJ.Championsroad.mp4.jpg	3
113	arno	0	/media/original/thumbnails/user/cheapgriffy/9000702d863843f592a70c3eaf0995da.arnomicrowave.mp4_duAeMfj.jpg	3
92	howl	0	\N	3
78	vr	27	/media/original/thumbnails/user/cheapgriffy/ca15b4d12c3d459d8f1f783ab20edc3b.public.mp4_Qe2EHl9.jpg	3
173	apose	1	/media/original/thumbnails/user/cheapgriffy/f4e8639e032f45a7add4aa9496474e18.caillou.mp4_HtHriUJ.jpg	3
84	defors	6	/media/original/thumbnails/user/cheapgriffy/87c041d029fc45ffad4026b6a7b2c90a.tpocasser.mp4_FRbg8PO.jpg	3
160	pmd	2	/media/original/thumbnails/user/cheapgriffy/f99a0b3273b34bacbf8325761545bddb.pleindepomme.mp4_MthQCrS.jpg	3
100	wiiu	0	\N	3
101	champions	0	\N	3
102	road	0	\N	3
148	fish	1	/media/original/thumbnails/user/cheapgriffy/85787c83bac14b16a023f83fea86a0ab.sexwiththebackrooms.mp4_cydNzQN.jpg	3
105	beamng	0	\N	3
106	ibichu	0	\N	3
107	pigeon	0	\N	3
108	smart	0	\N	3
180	tourelle	0	/media/original/thumbnails/user/cheapgriffy/ed9bf039fc4341fc81ba2dc73aaf93e4.screaaaam.mp4_OOrXNnJ.jpg	3
185	matoux	1	/media/original/thumbnails/user/cheapgriffy/e5a9175400bb4a8d9ad3e403ead881b0.lematou.mp4_iiM9Kot.jpg	3
65	work	0	/media/original/thumbnails/user/cheapgriffy/fb19b45ca2ad4fc39e0c4f07ab1839db_FARFrum.teletravail.mp4.jpg	3
116	gang	1	\N	3
115	life	1	\N	3
117	saku	1	\N	3
114	tomodachi	1	\N	3
81	halflife	0	/media/original/thumbnails/user/cheapgriffy/d99d1a87370b47e69f07aadd1f55af79_8EMw78m.byhusfdgbugrq.mp4.jpg	3
161	eos	2	/media/original/thumbnails/user/cheapgriffy/ccae134dc61e44e89a2f161a667f1b9d.papasenva.mp4_x0U63FM.jpg	3
146	unity	1	/media/original/thumbnails/user/cheapgriffy/6e5c7afb362b447da81a85ddd789fe3d.vrmomment.mp4_dbnODvr.jpg	3
123	bioshock	0	/media/original/thumbnails/user/cheapgriffy/859addb6ff204eb2b7f1929f1f41a345.origins.mp4_om7mrda.jpg	3
124	nazi	0	\N	3
86	somna	0	/media/original/thumbnails/user/cheapgriffy/73cef137e47b46a69fefc404792a96be_f5JwsjE.felins.mp4.jpg	3
94	smb3dw	0	/media/original/thumbnails/user/cheapgriffy/a7e8022fb53d4499b61a08a2d0830030_bI3laJJ.Championsroad.mp4.jpg	3
137	cod	0	\N	3
119	black	0	/media/original/thumbnails/user/cheapgriffy/859addb6ff204eb2b7f1929f1f41a345.origins.mp4_om7mrda.jpg	3
144	bone	0	\N	3
98	3d	0	/media/original/thumbnails/user/cheapgriffy/a7e8022fb53d4499b61a08a2d0830030_bI3laJJ.Championsroad.mp4.jpg	3
95	super	0	/media/original/thumbnails/user/cheapgriffy/a7e8022fb53d4499b61a08a2d0830030_bI3laJJ.Championsroad.mp4.jpg	3
152	cry	0	\N	3
153	some	0	\N	3
154	more	0	\N	3
155	ognion	0	\N	3
156	fonk	0	\N	3
157	kys	0	\N	3
158	ai	0	\N	3
162	explorer	0	\N	3
163	of	0	\N	3
170	broke	1	\N	3
171	casser	1	\N	3
169	pots	1	\N	3
168	yippy	1	\N	3
174	chamber	0	\N	3
181	monsterhouse	0	\N	3
120	ops	0	/media/original/thumbnails/user/cheapgriffy/859addb6ff204eb2b7f1929f1f41a345.origins.mp4_om7mrda.jpg	3
178	scream	0	/media/original/thumbnails/user/cheapgriffy/ed9bf039fc4341fc81ba2dc73aaf93e4.screaaaam.mp4_OOrXNnJ.jpg	3
131	houdini	4	/media/original/thumbnails/user/cheapgriffy/7e1817ef31b84ae381127e125b94628a.Houdiwi.mp4_OnxdF2M.jpg	3
177	lethalcompany	0	/media/original/thumbnails/user/cheapgriffy/ed9bf039fc4341fc81ba2dc73aaf93e4.screaaaam.mp4_OOrXNnJ.jpg	3
68	fishing	1	/media/original/thumbnails/user/cheapgriffy/9d0cb4a61c5a41da8b8714e6b63017b8_9cNjili.fish.mp4.jpg	3
88	lighty	2	/media/original/thumbnails/user/cheapgriffy/29ceca0486774e88be44154d1bab2d58.lechat.mp4_er6R7l2.jpg	3
57	darksaber	1	/media/original/thumbnails/user/cheapgriffy/523963b4a92b4f358c3ab36ca0df8c73_3SMdnXT.darksaber.mp4.jpg	3
7	ultrakill	1	/media/original/thumbnails/user/cheapgriffy/temp6_Grande_Emel2tV.jpg	3
24	ace	1	/media/original/thumbnails/user/cheapgriffy/hehe_u_dumb_e7mUe76.jpg	3
159	sherif	0	/media/original/thumbnails/user/cheapgriffy/a6b4ec73de0d4a90bc08e0bfb3673f2d.shrifbahaha.mp4_tCUXFeg.jpg	3
149	backroom	1	/media/original/thumbnails/user/cheapgriffy/85787c83bac14b16a023f83fea86a0ab.sexwiththebackrooms.mp4_cydNzQN.jpg	3
135	mouse	0	/media/original/thumbnails/user/cheapgriffy/24ffd4680ae342f1ab37857b5fc9eb22.rat2.mp4_5l0pldk.jpg	3
151	sheep	0	/media/original/thumbnails/user/cheapgriffy/ee0e97dbed284124b9ef2b253f7c9f26.moutonlaunchtitle.mp4_xiTwVL5.jpg	3
66	battlebit	0	/media/original/thumbnails/user/cheapgriffy/36ad346921d1457a9cb7917cba733ff2_0U7rF8j.camperdemoprt.mp4.jpg	3
77	contractors	0	/media/original/thumbnails/user/cheapgriffy/0e5e243ae1c448da9ad62b8658efaa42_xJ0qpc1.contractorsbullshit.mp4.jpg	3
104	discord	0	/media/original/thumbnails/user/cheapgriffy/b3148c976d91413eb9da2fa341d068cb.mc.mp4_RDR704O.jpg	3
103	amvdrone	0	/media/original/thumbnails/user/cheapgriffy/a665d66bfa3249b7a2b04f60ad373f76_cIkrVpM.dorne2.mp4.jpg	3
175	slimevr	0	/media/original/thumbnails/user/cheapgriffy/55545b5508264dce87fb45500ca2039c.fullbody.mp4_9EUakiX.jpg	3
89	freeman	0	/media/original/thumbnails/user/cheapgriffy/d99d1a87370b47e69f07aadd1f55af79_8EMw78m.byhusfdgbugrq.mp4.jpg	3
129	tetriseffect	0	/media/original/thumbnails/user/cheapgriffy/bdb25d7e2617474392d2861863bf1795.perfectris.mp4_INuLF04.jpg	3
127	sage	0	/media/original/thumbnails/user/cheapgriffy/24676fb4f8074ce3955623dcc265baf8.howitfeelstoplaysage.mp4_ioWE772.jpg	3
110	3ds	0	/media/original/thumbnails/user/cheapgriffy/516f5f038f27440ba4b4b8601a961043.bahahah.mp4_F4tzqeh.jpg	3
133	memory	0	/media/original/thumbnails/user/cheapgriffy/e641dd122d6142c4beaad694db870d8f.samsung.mp4_arh837p.jpg	3
126	noita	0	/media/original/thumbnails/user/cheapgriffy/529be2c6693b4796a018b620bd0040a3.Wormscreamer.mp4_Si42Foq.jpg	3
112	paint	0	/media/original/thumbnails/user/cheapgriffy/9000702d863843f592a70c3eaf0995da.arnomicrowave.mp4_duAeMfj.jpg	3
166	eddie	0	/media/original/thumbnails/user/cheapgriffy/c0509c4ad921443cac77bb58001fed25.plushie.mp4_ABG3QF1.jpg	3
141	metroid	0	/media/original/thumbnails/user/cheapgriffy/ee099ab3e1cd4ad79294e098541587ee.fuckgamecube.mp4_dXK3UOJ.jpg	3
53	bonelab	1	/media/original/thumbnails/user/cheapgriffy/fadbb884e0584027917e5ee0a8e5ebad.nonoss.mp4_UgczIXH.jpg	3
145	sebi	1	/media/original/thumbnails/user/cheapgriffy/fcdc1864b0b24bdf88d4a3ccf1b73d70.kikiki.mp4_1kLBcF5.jpg	3
91	roaringknight	0	/media/original/thumbnails/user/cheapgriffy/644f47f991244bcb89fe7c2b962501ec_GGN48cj.RoaringKnight.mp4.jpg	3
186	dancing	1	/media/original/thumbnails/user/cheapgriffy/77214d51d51548c79973e33b59afd69b.carameldancen2.mp4_IzZqZVR.jpg	3
118	camera	0	/media/original/thumbnails/user/cheapgriffy/c0509c4ad921443cac77bb58001fed25.plushie.mp4_ABG3QF1.jpg	3
80	svencoop	0	/media/original/thumbnails/user/cheapgriffy/b67b36943b3146658db055360dc6e3f0_yWYKyG6.halflifed.mp4.jpg	3
121	bo2	0	/media/original/thumbnails/user/cheapgriffy/859addb6ff204eb2b7f1929f1f41a345.origins.mp4_om7mrda.jpg	3
96	mario	0	/media/original/thumbnails/user/cheapgriffy/a7e8022fb53d4499b61a08a2d0830030_bI3laJJ.Championsroad.mp4.jpg	3
130	perfectris	0	/media/original/thumbnails/user/cheapgriffy/bdb25d7e2617474392d2861863bf1795.perfectris.mp4_INuLF04.jpg	3
134	rat	0	/media/original/thumbnails/user/cheapgriffy/24ffd4680ae342f1ab37857b5fc9eb22.rat2.mp4_5l0pldk.jpg	3
128	tetris	0	/media/original/thumbnails/user/cheapgriffy/bdb25d7e2617474392d2861863bf1795.perfectris.mp4_INuLF04.jpg	3
150	memoire	0	/media/original/thumbnails/user/cheapgriffy/ee0e97dbed284124b9ef2b253f7c9f26.moutonlaunchtitle.mp4_xiTwVL5.jpg	3
69	minecraft	0	/media/original/thumbnails/user/cheapgriffy/5217793dd61946058550b380f6fcd15e_BuWT7dy.jerienfait.mp4.jpg	3
87	cryptiss	0	/media/original/thumbnails/user/cheapgriffy/d5f3dde909064245b7ebebb116225be2.Cryptiss_Exact_position.mp4_4br7lNx.jpg	3
93	bladeandsorcery	0	/media/original/thumbnails/user/cheapgriffy/pwepet_yCzrW4c.jpg	3
90	deltarune	0	/media/original/thumbnails/user/cheapgriffy/644f47f991244bcb89fe7c2b962501ec_GGN48cj.RoaringKnight.mp4.jpg	3
111	speed	0	/media/original/thumbnails/user/cheapgriffy/9000702d863843f592a70c3eaf0995da.arnomicrowave.mp4_duAeMfj.jpg	3
79	public	5	/media/original/thumbnails/user/cheapgriffy/182a669f85724f96a93dfe61aa3c6422_TMEDe1V.theurgetohowl.mp4.jpg	3
138	tacricalassault	0	/media/original/thumbnails/user/cheapgriffy/84420c2435dc4af3b22f9191ffc8b21f.pour_la_patrie.mp4_Ut2qdhj.jpg	3
140	gamecube	0	/media/original/thumbnails/user/cheapgriffy/ee099ab3e1cd4ad79294e098541587ee.fuckgamecube.mp4_dXK3UOJ.jpg	3
83	tacticalassault	0	/media/original/thumbnails/user/cheapgriffy/8fad11e111ba4677bb907d7d34e941aa_Gkov9qB.mayheam.mp4.jpg	3
82	ta	0	/media/original/thumbnails/user/cheapgriffy/a8120f08f8ba4be3bb7299780f6307e6_cW3gDLW.kikiwaiting.mp4.jpg	3
125	chat	0	/media/original/thumbnails/user/cheapgriffy/ca94817afbd740b6ba85caf9d33a42a8.wsh_le_chat.mp4_2ANwlK7.jpg	3
46	griffy	66	/media/original/thumbnails/user/cheapgriffy/10ec9705f8f34e54b8a974179a875f32.crysomemore.mp4_LCvOUDA.jpg	20
49	tv	1	/media/original/thumbnails/user/lightshoro/590ebf5033f1405a98bdf4ab75a71e9e_wwtfqkb.1745598196802.mp4.jpg	2
167	plushie	0	/media/original/thumbnails/user/cheapgriffy/c0509c4ad921443cac77bb58001fed25.plushie.mp4_ABG3QF1.jpg	3
29	dance	1	/media/original/thumbnails/user/cheapgriffy/732b4e59307c418e9782486fec03f2cd.bootygiggle64.mp4_IFoNilm.jpg	3
142	prime	0	/media/original/thumbnails/user/cheapgriffy/ee099ab3e1cd4ad79294e098541587ee.fuckgamecube.mp4_dXK3UOJ.jpg	3
109	fantasylife	0	/media/original/thumbnails/user/cheapgriffy/516f5f038f27440ba4b4b8601a961043.bahahah.mp4_F4tzqeh.jpg	3
42	kiki	138	/media/original/thumbnails/user/Sebitrollj/9f45f3355f2445fb82b075a01dec5a64_sHldlPI.VidéosanstitreRéaliséeavecClipchamp97.mp4.jpg	20
14	valorant	5	/media/original/thumbnails/user/cheapgriffy/2c4dcc5c098d4068994ee8c6b7a292d3.sexygriffysniperclip.mp4_78lNtMF.jpg	3
4	furry	3	/media/original/thumbnails/user/cheapgriffy/temp_RI44Np1.jpg	3
38	assassins-creed	1	/media/original/thumbnails/user/Sakuya_Senpaï/dda41760119a44c1b2b59572b6ca9aa0.Assassins_Creed_IV__Black_Flag_SP_2023.08.01_-_19.38.02.01.mp4_yD4fbrI.jpg	10
136	ds	0	/media/original/thumbnails/user/cheapgriffy/ecfee63eed3a4f91bd3899a9b26a0eb9.finitetris.mp4_8MTC5C2.jpg	3
132	samsung	0	/media/original/thumbnails/user/cheapgriffy/e641dd122d6142c4beaad694db870d8f.samsung.mp4_arh837p.jpg	3
143	chivalry	0	/media/original/thumbnails/user/cheapgriffy/b2c65bafb9324e7ca905cd2b08318e37.embuscaderate.mp4_hGrzEmU.jpg	3
147	farlands	1	/media/original/thumbnails/user/cheapgriffy/6e5c7afb362b447da81a85ddd789fe3d.vrmomment.mp4_dbnODvr.jpg	3
\.


--
-- Data for Name: socialaccount_socialaccount; Type: TABLE DATA; Schema: public; Owner: mediacms
--

COPY public.socialaccount_socialaccount (id, provider, uid, last_login, date_joined, extra_data, user_id) FROM stdin;
\.


--
-- Data for Name: socialaccount_socialapp; Type: TABLE DATA; Schema: public; Owner: mediacms
--

COPY public.socialaccount_socialapp (id, provider, name, client_id, secret, key, provider_id, settings) FROM stdin;
\.


--
-- Data for Name: socialaccount_socialapp_sites; Type: TABLE DATA; Schema: public; Owner: mediacms
--

COPY public.socialaccount_socialapp_sites (id, socialapp_id, site_id) FROM stdin;
\.


--
-- Data for Name: socialaccount_socialtoken; Type: TABLE DATA; Schema: public; Owner: mediacms
--

COPY public.socialaccount_socialtoken (id, token, token_secret, expires_at, account_id, app_id) FROM stdin;
\.


--
-- Data for Name: users_channel; Type: TABLE DATA; Schema: public; Owner: mediacms
--

COPY public.users_channel (id, title, description, add_date, friendly_token, banner_logo, user_id) FROM stdin;
2	default		2023-02-01 22:27:22.48416+00	3cpoDGy8H	userlogos/2025/03/24/lightshowo_byminoxx.jpg	2
3	default		2023-02-02 17:42:25.957589+00	A1YUUGatB	userlogos/2025/03/24/sex.jpg	3
10	default		2023-05-01 14:27:48.902695+00	WTtgM8cbY	userlogos/2025/03/24/557738f644453344c603ecb59bdb947d.jpg	10
15	default		2023-08-24 22:43:04.97202+00	XqDj50rx7	userlogos/2023/08/25/Bannière_Twitter.jpg	15
20	default		2025-03-23 09:52:41.99617+00	ZGJ1Fywds	userlogos/2025/03/30/image_2025-03-30_162430677.jpg	20
17	default		2023-11-10 08:07:37.715185+00	SlZPUL1Hw	userlogos/2023/11/10/tumblr_o1qe8zgUlH1tc0tabo1_1280.jpg	17
24	default		2025-09-08 09:13:07.876201+00	NcnGUqejY	userlogos/2025/10/11/special_banner.jpg	24
1	default		2023-02-01 21:26:56.349849+00	igOvrZrzd	userlogos/2025/10/13/banner_Moyen.jpg	1
18	default		2024-03-15 16:14:18.392807+00	GnphNf5yn	userlogos/banner.jpg	18
25	default		2025-10-24 22:37:32.513124+00	tUsXh3eBu	userlogos/2025/10/24/Ω.jpg	25
16	default		2023-11-03 17:21:41.502878+00	P1f9lh45M	userlogos/2025/10/31/image_18.jpg	16
\.


--
-- Data for Name: users_channel_subscribers; Type: TABLE DATA; Schema: public; Owner: mediacms
--

COPY public.users_channel_subscribers (id, channel_id, user_id) FROM stdin;
\.


--
-- Data for Name: users_notification; Type: TABLE DATA; Schema: public; Owner: mediacms
--

COPY public.users_notification (id, action, notify, method, user_id) FROM stdin;
\.


--
-- Data for Name: users_user; Type: TABLE DATA; Schema: public; Owner: mediacms
--

COPY public.users_user (id, password, last_login, is_superuser, username, first_name, last_name, email, is_staff, is_active, date_joined, logo, description, name, date_added, is_featured, title, "advancedUser", media_count, notification_on_comments, allow_contact, location, is_editor, is_manager) FROM stdin;
17	pbkdf2_sha256$600000$TD7lQNlGiUOukQjRPLj5D7$0DdmfZlLM4wpmXKlUdZAoLrfiDrIlQVxUUdtz70N0Kw=	2023-11-10 14:44:54.836545+00	f	Deforstarb			corenthin030@hotmail.fr	f	t	2023-11-10 08:07:37.701414+00	userlogos/2023/11/10/F8KVbP3WUAAz6ij.jpg		Deforstarb	2023-11-10 08:06:34+00	f		f	0	t	f		f	f
10	pbkdf2_sha256$870000$djrftp7z38qxCETNBE7GcT$QovfVtmxzipcbi4F7XnPQDWP1t6W0tXzSGkzC8eXSpg=	2025-11-02 10:59:14.225079+00	f	Sakuya_Senpaï			erwanbeaumon@gmail.com	f	t	2023-05-01 14:27:48.886425+00	userlogos/2025/03/24/nouvelle_pdp_Sakuya_PDP_3.jpg		Sakuya-Senpaï	2023-05-01 14:27:31+00	f		f	2	f	f		f	f
20	pbkdf2_sha256$870000$U8E84jexAD2G9up0sIuV2r$/7p/4DGD+xVqW2FhpnxQisrFjuc2Uz2411LMGYX3fFE=	2025-11-02 12:44:58.187711+00	f	Sebitrollj			j8udufudzjw@gmail.com	f	t	2025-03-23 09:52:41.978578+00	userlogos/2025/03/25/Pdp4.jpg		Sebitrollj	2025-03-23 09:51:59+00	f		f	143	t	f		f	f
16	pbkdf2_sha256$870000$lmiF4ZN8Et7Y4nI2UeRNup$9cZ8d1Ok6CAbw8w0ciSnH8GFflznZ0hJtx1BPlgpaqo=	2025-11-02 13:04:51.251993+00	f	PlaSmaShoro			crowended@gmail.com	f	t	2023-11-03 17:21:41.48951+00	userlogos/2025/10/31/eepy.jpg	I do not have a life, in fact, i only exist on the internet.	PlaSmaShoro	2023-11-03 17:20:34+00	f		f	73	t	f		f	f
2	pbkdf2_sha256$870000$d3hVuGVBCLz3uWRai1WF4D$TDqO17R4/BORF09QHTegK2IedzprnfAotbv0y+bd//E=	2025-11-01 20:50:53.938067+00	f	lightshoro			lightshoro@gmail.com	f	t	2023-02-01 22:27:22.344983+00	userlogos/2025/03/24/lightshowo.jpg	Un ptit nardo qui poste des truc randoms	LightShoro	2023-02-01 22:27:22.345014+00	f		f	15	t	f		f	f
1	pbkdf2_sha256$870000$3pRKLSrBsubQ0f6YRPwXdP$6oeySNXtOtBRPs0okPgwfZyjM6tnb2SsvCg/c0/ndyw=	2025-11-02 13:09:48.629789+00	t	Kazumi.Avali			kazumi.avali@gmail.com	t	t	2023-02-01 21:26:56.18753+00	userlogos/2025/10/16/2-15564565451.jpg		Kazumi Avali	2023-02-01 21:26:56+00	f		f	61	t	f		f	f
25	pbkdf2_sha256$870000$SIIRcN2iEVpAVuSSGLH9hH$3yA1BpOPKHGaBjUB1KpLtlkhHLnHbnPuQlUhOfZ08Sw=	2025-11-02 11:54:16.87893+00	f	Groggy			prnkiki@gmail.com	f	t	2025-10-24 22:37:32.168145+00	userlogos/2025/10/24/kikiskotrade.jpg		Groggy	2025-10-24 22:37:32+00	f		f	3	t	f		f	f
3	pbkdf2_sha256$870000$eZPQT2m3QavcNG41i1D1Hu$bD2KNztP5hQBjAcwLdM4oaV1qUQnMfajMjx5P2fLMhk=	2025-10-25 14:08:47.16997+00	f	cheapgriffy			pourkoopatropa@gmail.com	f	t	2023-02-02 17:42:25.825082+00	userlogos/2025/03/24/Logo_Mind_Griffy_Bigger.jpg	You're about to dip deeply into the mind of a body.\r\nThrough the major part of sillyness and pessimism, you may find some love and cool time.\r\n\r\nBasically publishing random video strait out of my mind :D	Griffy's Mind	2023-02-02 17:42:25.825123+00	f		f	287	t	f		f	f
18		\N	f	ThePurpleRakun			oksannnazullo@gmail.com	f	t	2024-03-15 16:14:18.38096+00	userlogos/user.jpg		The Purple Rakun	2024-03-15 16:13:50+00	f		f	0	t	f		f	f
15	pbkdf2_sha256$216000$E2pOB5IHmtSi$MKfc80HHefx0vbIsDOprt6i38Mfl4BDVJKBXS+6k5nI=	2023-08-24 22:45:57.95598+00	f	LoicTomatot			loictomatot.pro@gmail.com	f	t	2023-08-24 22:43:04.959211+00	userlogos/2023/08/25/photo_de_profil_square.jpg		Loic Tomatot	2023-08-24 22:41:45+00	f		f	0	t	f		f	f
24	pbkdf2_sha256$870000$NQ3337JovJTWe0zOryrOB8$gDaQ2Gpus6TOksPoVX9nfHODlgO8RF7PYOU7KqGV6R4=	2025-10-11 22:54:38.966081+00	f	Mister_Nox			nico.s.block0185@gmail.com	f	t	2025-09-08 09:13:07.870316+00	userlogos/2025/09/08/logo_games_square.jpg		Mister Nox	2025-09-08 09:11:20+00	f		f	0	t	f		f	f
\.


--
-- Data for Name: users_user_groups; Type: TABLE DATA; Schema: public; Owner: mediacms
--

COPY public.users_user_groups (id, user_id, group_id) FROM stdin;
\.


--
-- Data for Name: users_user_user_permissions; Type: TABLE DATA; Schema: public; Owner: mediacms
--

COPY public.users_user_user_permissions (id, user_id, permission_id) FROM stdin;
\.


--
-- Name: account_emailaddress_id_seq; Type: SEQUENCE SET; Schema: public; Owner: mediacms
--

SELECT pg_catalog.setval('public.account_emailaddress_id_seq', 29, true);


--
-- Name: account_emailconfirmation_id_seq; Type: SEQUENCE SET; Schema: public; Owner: mediacms
--

SELECT pg_catalog.setval('public.account_emailconfirmation_id_seq', 1, false);


--
-- Name: actions_mediaaction_id_seq; Type: SEQUENCE SET; Schema: public; Owner: mediacms
--

SELECT pg_catalog.setval('public.actions_mediaaction_id_seq', 20239, true);


--
-- Name: auth_group_id_seq; Type: SEQUENCE SET; Schema: public; Owner: mediacms
--

SELECT pg_catalog.setval('public.auth_group_id_seq', 1, false);


--
-- Name: auth_group_permissions_id_seq; Type: SEQUENCE SET; Schema: public; Owner: mediacms
--

SELECT pg_catalog.setval('public.auth_group_permissions_id_seq', 1, false);


--
-- Name: auth_permission_id_seq; Type: SEQUENCE SET; Schema: public; Owner: mediacms
--

SELECT pg_catalog.setval('public.auth_permission_id_seq', 120, true);


--
-- Name: django_admin_log_id_seq; Type: SEQUENCE SET; Schema: public; Owner: mediacms
--

SELECT pg_catalog.setval('public.django_admin_log_id_seq', 151, true);


--
-- Name: django_content_type_id_seq; Type: SEQUENCE SET; Schema: public; Owner: mediacms
--

SELECT pg_catalog.setval('public.django_content_type_id_seq', 30, true);


--
-- Name: django_migrations_id_seq; Type: SEQUENCE SET; Schema: public; Owner: mediacms
--

SELECT pg_catalog.setval('public.django_migrations_id_seq', 46, true);


--
-- Name: django_site_id_seq; Type: SEQUENCE SET; Schema: public; Owner: mediacms
--

SELECT pg_catalog.setval('public.django_site_id_seq', 1, true);


--
-- Name: files_category_id_seq; Type: SEQUENCE SET; Schema: public; Owner: mediacms
--

SELECT pg_catalog.setval('public.files_category_id_seq', 8, true);


--
-- Name: files_comment_id_seq; Type: SEQUENCE SET; Schema: public; Owner: mediacms
--

SELECT pg_catalog.setval('public.files_comment_id_seq', 30, true);


--
-- Name: files_encodeprofile_id_seq; Type: SEQUENCE SET; Schema: public; Owner: mediacms
--

SELECT pg_catalog.setval('public.files_encodeprofile_id_seq', 22, true);


--
-- Name: files_encoding_id_seq; Type: SEQUENCE SET; Schema: public; Owner: mediacms
--

SELECT pg_catalog.setval('public.files_encoding_id_seq', 5363, true);


--
-- Name: files_language_id_seq; Type: SEQUENCE SET; Schema: public; Owner: mediacms
--

SELECT pg_catalog.setval('public.files_language_id_seq', 1, false);


--
-- Name: files_license_id_seq; Type: SEQUENCE SET; Schema: public; Owner: mediacms
--

SELECT pg_catalog.setval('public.files_license_id_seq', 1, false);


--
-- Name: files_media_category_id_seq; Type: SEQUENCE SET; Schema: public; Owner: mediacms
--

SELECT pg_catalog.setval('public.files_media_category_id_seq', 110, true);


--
-- Name: files_media_id_seq; Type: SEQUENCE SET; Schema: public; Owner: mediacms
--

SELECT pg_catalog.setval('public.files_media_id_seq', 710, true);


--
-- Name: files_media_rating_category_id_seq; Type: SEQUENCE SET; Schema: public; Owner: mediacms
--

SELECT pg_catalog.setval('public.files_media_rating_category_id_seq', 1, false);


--
-- Name: files_media_tags_id_seq; Type: SEQUENCE SET; Schema: public; Owner: mediacms
--

SELECT pg_catalog.setval('public.files_media_tags_id_seq', 858, true);


--
-- Name: files_playlist_id_seq; Type: SEQUENCE SET; Schema: public; Owner: mediacms
--

SELECT pg_catalog.setval('public.files_playlist_id_seq', 15, true);


--
-- Name: files_playlistmedia_id_seq; Type: SEQUENCE SET; Schema: public; Owner: mediacms
--

SELECT pg_catalog.setval('public.files_playlistmedia_id_seq', 168, true);


--
-- Name: files_rating_id_seq; Type: SEQUENCE SET; Schema: public; Owner: mediacms
--

SELECT pg_catalog.setval('public.files_rating_id_seq', 1, false);


--
-- Name: files_ratingcategory_id_seq; Type: SEQUENCE SET; Schema: public; Owner: mediacms
--

SELECT pg_catalog.setval('public.files_ratingcategory_id_seq', 1, false);


--
-- Name: files_subtitle_id_seq; Type: SEQUENCE SET; Schema: public; Owner: mediacms
--

SELECT pg_catalog.setval('public.files_subtitle_id_seq', 1, false);


--
-- Name: files_tag_id_seq; Type: SEQUENCE SET; Schema: public; Owner: mediacms
--

SELECT pg_catalog.setval('public.files_tag_id_seq', 187, true);


--
-- Name: socialaccount_socialaccount_id_seq; Type: SEQUENCE SET; Schema: public; Owner: mediacms
--

SELECT pg_catalog.setval('public.socialaccount_socialaccount_id_seq', 1, false);


--
-- Name: socialaccount_socialapp_id_seq; Type: SEQUENCE SET; Schema: public; Owner: mediacms
--

SELECT pg_catalog.setval('public.socialaccount_socialapp_id_seq', 1, false);


--
-- Name: socialaccount_socialapp_sites_id_seq; Type: SEQUENCE SET; Schema: public; Owner: mediacms
--

SELECT pg_catalog.setval('public.socialaccount_socialapp_sites_id_seq', 1, false);


--
-- Name: socialaccount_socialtoken_id_seq; Type: SEQUENCE SET; Schema: public; Owner: mediacms
--

SELECT pg_catalog.setval('public.socialaccount_socialtoken_id_seq', 1, false);


--
-- Name: users_channel_id_seq; Type: SEQUENCE SET; Schema: public; Owner: mediacms
--

SELECT pg_catalog.setval('public.users_channel_id_seq', 25, true);


--
-- Name: users_channel_subscribers_id_seq; Type: SEQUENCE SET; Schema: public; Owner: mediacms
--

SELECT pg_catalog.setval('public.users_channel_subscribers_id_seq', 1, false);


--
-- Name: users_notification_id_seq; Type: SEQUENCE SET; Schema: public; Owner: mediacms
--

SELECT pg_catalog.setval('public.users_notification_id_seq', 1, false);


--
-- Name: users_user_groups_id_seq; Type: SEQUENCE SET; Schema: public; Owner: mediacms
--

SELECT pg_catalog.setval('public.users_user_groups_id_seq', 1, false);


--
-- Name: users_user_id_seq; Type: SEQUENCE SET; Schema: public; Owner: mediacms
--

SELECT pg_catalog.setval('public.users_user_id_seq', 25, true);


--
-- Name: users_user_user_permissions_id_seq; Type: SEQUENCE SET; Schema: public; Owner: mediacms
--

SELECT pg_catalog.setval('public.users_user_user_permissions_id_seq', 1, false);


--
-- Name: account_emailaddress account_emailaddress_pkey; Type: CONSTRAINT; Schema: public; Owner: mediacms
--

ALTER TABLE ONLY public.account_emailaddress
    ADD CONSTRAINT account_emailaddress_pkey PRIMARY KEY (id);


--
-- Name: account_emailaddress account_emailaddress_user_id_email_987c8728_uniq; Type: CONSTRAINT; Schema: public; Owner: mediacms
--

ALTER TABLE ONLY public.account_emailaddress
    ADD CONSTRAINT account_emailaddress_user_id_email_987c8728_uniq UNIQUE (user_id, email);


--
-- Name: account_emailconfirmation account_emailconfirmation_key_key; Type: CONSTRAINT; Schema: public; Owner: mediacms
--

ALTER TABLE ONLY public.account_emailconfirmation
    ADD CONSTRAINT account_emailconfirmation_key_key UNIQUE (key);


--
-- Name: account_emailconfirmation account_emailconfirmation_pkey; Type: CONSTRAINT; Schema: public; Owner: mediacms
--

ALTER TABLE ONLY public.account_emailconfirmation
    ADD CONSTRAINT account_emailconfirmation_pkey PRIMARY KEY (id);


--
-- Name: actions_mediaaction actions_mediaaction_pkey; Type: CONSTRAINT; Schema: public; Owner: mediacms
--

ALTER TABLE ONLY public.actions_mediaaction
    ADD CONSTRAINT actions_mediaaction_pkey PRIMARY KEY (id);


--
-- Name: auth_group auth_group_name_key; Type: CONSTRAINT; Schema: public; Owner: mediacms
--

ALTER TABLE ONLY public.auth_group
    ADD CONSTRAINT auth_group_name_key UNIQUE (name);


--
-- Name: auth_group_permissions auth_group_permissions_group_id_permission_id_0cd325b0_uniq; Type: CONSTRAINT; Schema: public; Owner: mediacms
--

ALTER TABLE ONLY public.auth_group_permissions
    ADD CONSTRAINT auth_group_permissions_group_id_permission_id_0cd325b0_uniq UNIQUE (group_id, permission_id);


--
-- Name: auth_group_permissions auth_group_permissions_pkey; Type: CONSTRAINT; Schema: public; Owner: mediacms
--

ALTER TABLE ONLY public.auth_group_permissions
    ADD CONSTRAINT auth_group_permissions_pkey PRIMARY KEY (id);


--
-- Name: auth_group auth_group_pkey; Type: CONSTRAINT; Schema: public; Owner: mediacms
--

ALTER TABLE ONLY public.auth_group
    ADD CONSTRAINT auth_group_pkey PRIMARY KEY (id);


--
-- Name: auth_permission auth_permission_content_type_id_codename_01ab375a_uniq; Type: CONSTRAINT; Schema: public; Owner: mediacms
--

ALTER TABLE ONLY public.auth_permission
    ADD CONSTRAINT auth_permission_content_type_id_codename_01ab375a_uniq UNIQUE (content_type_id, codename);


--
-- Name: auth_permission auth_permission_pkey; Type: CONSTRAINT; Schema: public; Owner: mediacms
--

ALTER TABLE ONLY public.auth_permission
    ADD CONSTRAINT auth_permission_pkey PRIMARY KEY (id);


--
-- Name: authtoken_token authtoken_token_pkey; Type: CONSTRAINT; Schema: public; Owner: mediacms
--

ALTER TABLE ONLY public.authtoken_token
    ADD CONSTRAINT authtoken_token_pkey PRIMARY KEY (key);


--
-- Name: authtoken_token authtoken_token_user_id_key; Type: CONSTRAINT; Schema: public; Owner: mediacms
--

ALTER TABLE ONLY public.authtoken_token
    ADD CONSTRAINT authtoken_token_user_id_key UNIQUE (user_id);


--
-- Name: django_admin_log django_admin_log_pkey; Type: CONSTRAINT; Schema: public; Owner: mediacms
--

ALTER TABLE ONLY public.django_admin_log
    ADD CONSTRAINT django_admin_log_pkey PRIMARY KEY (id);


--
-- Name: django_content_type django_content_type_app_label_model_76bd3d3b_uniq; Type: CONSTRAINT; Schema: public; Owner: mediacms
--

ALTER TABLE ONLY public.django_content_type
    ADD CONSTRAINT django_content_type_app_label_model_76bd3d3b_uniq UNIQUE (app_label, model);


--
-- Name: django_content_type django_content_type_pkey; Type: CONSTRAINT; Schema: public; Owner: mediacms
--

ALTER TABLE ONLY public.django_content_type
    ADD CONSTRAINT django_content_type_pkey PRIMARY KEY (id);


--
-- Name: django_migrations django_migrations_pkey; Type: CONSTRAINT; Schema: public; Owner: mediacms
--

ALTER TABLE ONLY public.django_migrations
    ADD CONSTRAINT django_migrations_pkey PRIMARY KEY (id);


--
-- Name: django_session django_session_pkey; Type: CONSTRAINT; Schema: public; Owner: mediacms
--

ALTER TABLE ONLY public.django_session
    ADD CONSTRAINT django_session_pkey PRIMARY KEY (session_key);


--
-- Name: django_site django_site_domain_a2e37b91_uniq; Type: CONSTRAINT; Schema: public; Owner: mediacms
--

ALTER TABLE ONLY public.django_site
    ADD CONSTRAINT django_site_domain_a2e37b91_uniq UNIQUE (domain);


--
-- Name: django_site django_site_pkey; Type: CONSTRAINT; Schema: public; Owner: mediacms
--

ALTER TABLE ONLY public.django_site
    ADD CONSTRAINT django_site_pkey PRIMARY KEY (id);


--
-- Name: files_category files_category_pkey; Type: CONSTRAINT; Schema: public; Owner: mediacms
--

ALTER TABLE ONLY public.files_category
    ADD CONSTRAINT files_category_pkey PRIMARY KEY (id);


--
-- Name: files_category files_category_title_key; Type: CONSTRAINT; Schema: public; Owner: mediacms
--

ALTER TABLE ONLY public.files_category
    ADD CONSTRAINT files_category_title_key UNIQUE (title);


--
-- Name: files_category files_category_uid_key; Type: CONSTRAINT; Schema: public; Owner: mediacms
--

ALTER TABLE ONLY public.files_category
    ADD CONSTRAINT files_category_uid_key UNIQUE (uid);


--
-- Name: files_comment files_comment_pkey; Type: CONSTRAINT; Schema: public; Owner: mediacms
--

ALTER TABLE ONLY public.files_comment
    ADD CONSTRAINT files_comment_pkey PRIMARY KEY (id);


--
-- Name: files_comment files_comment_uid_key; Type: CONSTRAINT; Schema: public; Owner: mediacms
--

ALTER TABLE ONLY public.files_comment
    ADD CONSTRAINT files_comment_uid_key UNIQUE (uid);


--
-- Name: files_encodeprofile files_encodeprofile_pkey; Type: CONSTRAINT; Schema: public; Owner: mediacms
--

ALTER TABLE ONLY public.files_encodeprofile
    ADD CONSTRAINT files_encodeprofile_pkey PRIMARY KEY (id);


--
-- Name: files_encoding files_encoding_pkey; Type: CONSTRAINT; Schema: public; Owner: mediacms
--

ALTER TABLE ONLY public.files_encoding
    ADD CONSTRAINT files_encoding_pkey PRIMARY KEY (id);


--
-- Name: files_language files_language_pkey; Type: CONSTRAINT; Schema: public; Owner: mediacms
--

ALTER TABLE ONLY public.files_language
    ADD CONSTRAINT files_language_pkey PRIMARY KEY (id);


--
-- Name: files_license files_license_pkey; Type: CONSTRAINT; Schema: public; Owner: mediacms
--

ALTER TABLE ONLY public.files_license
    ADD CONSTRAINT files_license_pkey PRIMARY KEY (id);


--
-- Name: files_license files_license_title_key; Type: CONSTRAINT; Schema: public; Owner: mediacms
--

ALTER TABLE ONLY public.files_license
    ADD CONSTRAINT files_license_title_key UNIQUE (title);


--
-- Name: files_media_category files_media_category_media_id_category_id_cf4a83ad_uniq; Type: CONSTRAINT; Schema: public; Owner: mediacms
--

ALTER TABLE ONLY public.files_media_category
    ADD CONSTRAINT files_media_category_media_id_category_id_cf4a83ad_uniq UNIQUE (media_id, category_id);


--
-- Name: files_media_category files_media_category_pkey; Type: CONSTRAINT; Schema: public; Owner: mediacms
--

ALTER TABLE ONLY public.files_media_category
    ADD CONSTRAINT files_media_category_pkey PRIMARY KEY (id);


--
-- Name: files_media files_media_pkey; Type: CONSTRAINT; Schema: public; Owner: mediacms
--

ALTER TABLE ONLY public.files_media
    ADD CONSTRAINT files_media_pkey PRIMARY KEY (id);


--
-- Name: files_media_rating_category files_media_rating_categ_media_id_ratingcategory__775b5588_uniq; Type: CONSTRAINT; Schema: public; Owner: mediacms
--

ALTER TABLE ONLY public.files_media_rating_category
    ADD CONSTRAINT files_media_rating_categ_media_id_ratingcategory__775b5588_uniq UNIQUE (media_id, ratingcategory_id);


--
-- Name: files_media_rating_category files_media_rating_category_pkey; Type: CONSTRAINT; Schema: public; Owner: mediacms
--

ALTER TABLE ONLY public.files_media_rating_category
    ADD CONSTRAINT files_media_rating_category_pkey PRIMARY KEY (id);


--
-- Name: files_media_tags files_media_tags_media_id_tag_id_4b9be5c2_uniq; Type: CONSTRAINT; Schema: public; Owner: mediacms
--

ALTER TABLE ONLY public.files_media_tags
    ADD CONSTRAINT files_media_tags_media_id_tag_id_4b9be5c2_uniq UNIQUE (media_id, tag_id);


--
-- Name: files_media_tags files_media_tags_pkey; Type: CONSTRAINT; Schema: public; Owner: mediacms
--

ALTER TABLE ONLY public.files_media_tags
    ADD CONSTRAINT files_media_tags_pkey PRIMARY KEY (id);


--
-- Name: files_media files_media_uid_key; Type: CONSTRAINT; Schema: public; Owner: mediacms
--

ALTER TABLE ONLY public.files_media
    ADD CONSTRAINT files_media_uid_key UNIQUE (uid);


--
-- Name: files_playlist files_playlist_pkey; Type: CONSTRAINT; Schema: public; Owner: mediacms
--

ALTER TABLE ONLY public.files_playlist
    ADD CONSTRAINT files_playlist_pkey PRIMARY KEY (id);


--
-- Name: files_playlist files_playlist_uid_key; Type: CONSTRAINT; Schema: public; Owner: mediacms
--

ALTER TABLE ONLY public.files_playlist
    ADD CONSTRAINT files_playlist_uid_key UNIQUE (uid);


--
-- Name: files_playlistmedia files_playlistmedia_pkey; Type: CONSTRAINT; Schema: public; Owner: mediacms
--

ALTER TABLE ONLY public.files_playlistmedia
    ADD CONSTRAINT files_playlistmedia_pkey PRIMARY KEY (id);


--
-- Name: files_rating files_rating_pkey; Type: CONSTRAINT; Schema: public; Owner: mediacms
--

ALTER TABLE ONLY public.files_rating
    ADD CONSTRAINT files_rating_pkey PRIMARY KEY (id);


--
-- Name: files_rating files_rating_user_id_media_id_rating_category_id_ce9b762e_uniq; Type: CONSTRAINT; Schema: public; Owner: mediacms
--

ALTER TABLE ONLY public.files_rating
    ADD CONSTRAINT files_rating_user_id_media_id_rating_category_id_ce9b762e_uniq UNIQUE (user_id, media_id, rating_category_id);


--
-- Name: files_ratingcategory files_ratingcategory_pkey; Type: CONSTRAINT; Schema: public; Owner: mediacms
--

ALTER TABLE ONLY public.files_ratingcategory
    ADD CONSTRAINT files_ratingcategory_pkey PRIMARY KEY (id);


--
-- Name: files_ratingcategory files_ratingcategory_title_key; Type: CONSTRAINT; Schema: public; Owner: mediacms
--

ALTER TABLE ONLY public.files_ratingcategory
    ADD CONSTRAINT files_ratingcategory_title_key UNIQUE (title);


--
-- Name: files_subtitle files_subtitle_pkey; Type: CONSTRAINT; Schema: public; Owner: mediacms
--

ALTER TABLE ONLY public.files_subtitle
    ADD CONSTRAINT files_subtitle_pkey PRIMARY KEY (id);


--
-- Name: files_tag files_tag_pkey; Type: CONSTRAINT; Schema: public; Owner: mediacms
--

ALTER TABLE ONLY public.files_tag
    ADD CONSTRAINT files_tag_pkey PRIMARY KEY (id);


--
-- Name: files_tag files_tag_title_key; Type: CONSTRAINT; Schema: public; Owner: mediacms
--

ALTER TABLE ONLY public.files_tag
    ADD CONSTRAINT files_tag_title_key UNIQUE (title);


--
-- Name: socialaccount_socialaccount socialaccount_socialaccount_pkey; Type: CONSTRAINT; Schema: public; Owner: mediacms
--

ALTER TABLE ONLY public.socialaccount_socialaccount
    ADD CONSTRAINT socialaccount_socialaccount_pkey PRIMARY KEY (id);


--
-- Name: socialaccount_socialaccount socialaccount_socialaccount_provider_uid_fc810c6e_uniq; Type: CONSTRAINT; Schema: public; Owner: mediacms
--

ALTER TABLE ONLY public.socialaccount_socialaccount
    ADD CONSTRAINT socialaccount_socialaccount_provider_uid_fc810c6e_uniq UNIQUE (provider, uid);


--
-- Name: socialaccount_socialapp_sites socialaccount_socialapp__socialapp_id_site_id_71a9a768_uniq; Type: CONSTRAINT; Schema: public; Owner: mediacms
--

ALTER TABLE ONLY public.socialaccount_socialapp_sites
    ADD CONSTRAINT socialaccount_socialapp__socialapp_id_site_id_71a9a768_uniq UNIQUE (socialapp_id, site_id);


--
-- Name: socialaccount_socialapp socialaccount_socialapp_pkey; Type: CONSTRAINT; Schema: public; Owner: mediacms
--

ALTER TABLE ONLY public.socialaccount_socialapp
    ADD CONSTRAINT socialaccount_socialapp_pkey PRIMARY KEY (id);


--
-- Name: socialaccount_socialapp_sites socialaccount_socialapp_sites_pkey; Type: CONSTRAINT; Schema: public; Owner: mediacms
--

ALTER TABLE ONLY public.socialaccount_socialapp_sites
    ADD CONSTRAINT socialaccount_socialapp_sites_pkey PRIMARY KEY (id);


--
-- Name: socialaccount_socialtoken socialaccount_socialtoken_app_id_account_id_fca4e0ac_uniq; Type: CONSTRAINT; Schema: public; Owner: mediacms
--

ALTER TABLE ONLY public.socialaccount_socialtoken
    ADD CONSTRAINT socialaccount_socialtoken_app_id_account_id_fca4e0ac_uniq UNIQUE (app_id, account_id);


--
-- Name: socialaccount_socialtoken socialaccount_socialtoken_pkey; Type: CONSTRAINT; Schema: public; Owner: mediacms
--

ALTER TABLE ONLY public.socialaccount_socialtoken
    ADD CONSTRAINT socialaccount_socialtoken_pkey PRIMARY KEY (id);


--
-- Name: users_channel users_channel_pkey; Type: CONSTRAINT; Schema: public; Owner: mediacms
--

ALTER TABLE ONLY public.users_channel
    ADD CONSTRAINT users_channel_pkey PRIMARY KEY (id);


--
-- Name: users_channel_subscribers users_channel_subscribers_channel_id_user_id_7ddfe9f1_uniq; Type: CONSTRAINT; Schema: public; Owner: mediacms
--

ALTER TABLE ONLY public.users_channel_subscribers
    ADD CONSTRAINT users_channel_subscribers_channel_id_user_id_7ddfe9f1_uniq UNIQUE (channel_id, user_id);


--
-- Name: users_channel_subscribers users_channel_subscribers_pkey; Type: CONSTRAINT; Schema: public; Owner: mediacms
--

ALTER TABLE ONLY public.users_channel_subscribers
    ADD CONSTRAINT users_channel_subscribers_pkey PRIMARY KEY (id);


--
-- Name: users_notification users_notification_pkey; Type: CONSTRAINT; Schema: public; Owner: mediacms
--

ALTER TABLE ONLY public.users_notification
    ADD CONSTRAINT users_notification_pkey PRIMARY KEY (id);


--
-- Name: users_user_groups users_user_groups_pkey; Type: CONSTRAINT; Schema: public; Owner: mediacms
--

ALTER TABLE ONLY public.users_user_groups
    ADD CONSTRAINT users_user_groups_pkey PRIMARY KEY (id);


--
-- Name: users_user_groups users_user_groups_user_id_group_id_b88eab82_uniq; Type: CONSTRAINT; Schema: public; Owner: mediacms
--

ALTER TABLE ONLY public.users_user_groups
    ADD CONSTRAINT users_user_groups_user_id_group_id_b88eab82_uniq UNIQUE (user_id, group_id);


--
-- Name: users_user users_user_pkey; Type: CONSTRAINT; Schema: public; Owner: mediacms
--

ALTER TABLE ONLY public.users_user
    ADD CONSTRAINT users_user_pkey PRIMARY KEY (id);


--
-- Name: users_user_user_permissions users_user_user_permissions_pkey; Type: CONSTRAINT; Schema: public; Owner: mediacms
--

ALTER TABLE ONLY public.users_user_user_permissions
    ADD CONSTRAINT users_user_user_permissions_pkey PRIMARY KEY (id);


--
-- Name: users_user_user_permissions users_user_user_permissions_user_id_permission_id_43338c45_uniq; Type: CONSTRAINT; Schema: public; Owner: mediacms
--

ALTER TABLE ONLY public.users_user_user_permissions
    ADD CONSTRAINT users_user_user_permissions_user_id_permission_id_43338c45_uniq UNIQUE (user_id, permission_id);


--
-- Name: users_user users_user_username_key; Type: CONSTRAINT; Schema: public; Owner: mediacms
--

ALTER TABLE ONLY public.users_user
    ADD CONSTRAINT users_user_username_key UNIQUE (username);


--
-- Name: account_emailaddress_email_03be32b2; Type: INDEX; Schema: public; Owner: mediacms
--

CREATE INDEX account_emailaddress_email_03be32b2 ON public.account_emailaddress USING btree (email);


--
-- Name: account_emailaddress_email_03be32b2_like; Type: INDEX; Schema: public; Owner: mediacms
--

CREATE INDEX account_emailaddress_email_03be32b2_like ON public.account_emailaddress USING btree (email varchar_pattern_ops);


--
-- Name: account_emailaddress_user_id_2c513194; Type: INDEX; Schema: public; Owner: mediacms
--

CREATE INDEX account_emailaddress_user_id_2c513194 ON public.account_emailaddress USING btree (user_id);


--
-- Name: account_emailconfirmation_email_address_id_5b7f8c58; Type: INDEX; Schema: public; Owner: mediacms
--

CREATE INDEX account_emailconfirmation_email_address_id_5b7f8c58 ON public.account_emailconfirmation USING btree (email_address_id);


--
-- Name: account_emailconfirmation_key_f43612bd_like; Type: INDEX; Schema: public; Owner: mediacms
--

CREATE INDEX account_emailconfirmation_key_f43612bd_like ON public.account_emailconfirmation USING btree (key varchar_pattern_ops);


--
-- Name: actions_med_session_fac55a_idx; Type: INDEX; Schema: public; Owner: mediacms
--

CREATE INDEX actions_med_session_fac55a_idx ON public.actions_mediaaction USING btree (session_key, action);


--
-- Name: actions_med_user_id_940054_idx; Type: INDEX; Schema: public; Owner: mediacms
--

CREATE INDEX actions_med_user_id_940054_idx ON public.actions_mediaaction USING btree (user_id, action, action_date DESC);


--
-- Name: actions_mediaaction_media_id_cb070793; Type: INDEX; Schema: public; Owner: mediacms
--

CREATE INDEX actions_mediaaction_media_id_cb070793 ON public.actions_mediaaction USING btree (media_id);


--
-- Name: actions_mediaaction_session_key_5b0118ee; Type: INDEX; Schema: public; Owner: mediacms
--

CREATE INDEX actions_mediaaction_session_key_5b0118ee ON public.actions_mediaaction USING btree (session_key);


--
-- Name: actions_mediaaction_session_key_5b0118ee_like; Type: INDEX; Schema: public; Owner: mediacms
--

CREATE INDEX actions_mediaaction_session_key_5b0118ee_like ON public.actions_mediaaction USING btree (session_key varchar_pattern_ops);


--
-- Name: actions_mediaaction_user_id_5148c743; Type: INDEX; Schema: public; Owner: mediacms
--

CREATE INDEX actions_mediaaction_user_id_5148c743 ON public.actions_mediaaction USING btree (user_id);


--
-- Name: auth_group_name_a6ea08ec_like; Type: INDEX; Schema: public; Owner: mediacms
--

CREATE INDEX auth_group_name_a6ea08ec_like ON public.auth_group USING btree (name varchar_pattern_ops);


--
-- Name: auth_group_permissions_group_id_b120cbf9; Type: INDEX; Schema: public; Owner: mediacms
--

CREATE INDEX auth_group_permissions_group_id_b120cbf9 ON public.auth_group_permissions USING btree (group_id);


--
-- Name: auth_group_permissions_permission_id_84c5c92e; Type: INDEX; Schema: public; Owner: mediacms
--

CREATE INDEX auth_group_permissions_permission_id_84c5c92e ON public.auth_group_permissions USING btree (permission_id);


--
-- Name: auth_permission_content_type_id_2f476e4b; Type: INDEX; Schema: public; Owner: mediacms
--

CREATE INDEX auth_permission_content_type_id_2f476e4b ON public.auth_permission USING btree (content_type_id);


--
-- Name: authtoken_token_key_10f0b77e_like; Type: INDEX; Schema: public; Owner: mediacms
--

CREATE INDEX authtoken_token_key_10f0b77e_like ON public.authtoken_token USING btree (key varchar_pattern_ops);


--
-- Name: django_admin_log_content_type_id_c4bce8eb; Type: INDEX; Schema: public; Owner: mediacms
--

CREATE INDEX django_admin_log_content_type_id_c4bce8eb ON public.django_admin_log USING btree (content_type_id);


--
-- Name: django_admin_log_user_id_c564eba6; Type: INDEX; Schema: public; Owner: mediacms
--

CREATE INDEX django_admin_log_user_id_c564eba6 ON public.django_admin_log USING btree (user_id);


--
-- Name: django_session_expire_date_a5c62663; Type: INDEX; Schema: public; Owner: mediacms
--

CREATE INDEX django_session_expire_date_a5c62663 ON public.django_session USING btree (expire_date);


--
-- Name: django_session_session_key_c0390e0f_like; Type: INDEX; Schema: public; Owner: mediacms
--

CREATE INDEX django_session_session_key_c0390e0f_like ON public.django_session USING btree (session_key varchar_pattern_ops);


--
-- Name: django_site_domain_a2e37b91_like; Type: INDEX; Schema: public; Owner: mediacms
--

CREATE INDEX django_site_domain_a2e37b91_like ON public.django_site USING btree (domain varchar_pattern_ops);


--
-- Name: files_category_title_fb7e87ee_like; Type: INDEX; Schema: public; Owner: mediacms
--

CREATE INDEX files_category_title_fb7e87ee_like ON public.files_category USING btree (title varchar_pattern_ops);


--
-- Name: files_category_user_id_485c03d6; Type: INDEX; Schema: public; Owner: mediacms
--

CREATE INDEX files_category_user_id_485c03d6 ON public.files_category USING btree (user_id);


--
-- Name: files_comment_media_id_87bb4dbe; Type: INDEX; Schema: public; Owner: mediacms
--

CREATE INDEX files_comment_media_id_87bb4dbe ON public.files_comment USING btree (media_id);


--
-- Name: files_comment_parent_id_1ec2ef3a; Type: INDEX; Schema: public; Owner: mediacms
--

CREATE INDEX files_comment_parent_id_1ec2ef3a ON public.files_comment USING btree (parent_id);


--
-- Name: files_comment_tree_id_fcc89fe5; Type: INDEX; Schema: public; Owner: mediacms
--

CREATE INDEX files_comment_tree_id_fcc89fe5 ON public.files_comment USING btree (tree_id);


--
-- Name: files_comment_user_id_899d0cd4; Type: INDEX; Schema: public; Owner: mediacms
--

CREATE INDEX files_comment_user_id_899d0cd4 ON public.files_comment USING btree (user_id);


--
-- Name: files_encoding_chunk_a5cb9d73; Type: INDEX; Schema: public; Owner: mediacms
--

CREATE INDEX files_encoding_chunk_a5cb9d73 ON public.files_encoding USING btree (chunk);


--
-- Name: files_encoding_media_id_5ebc509a; Type: INDEX; Schema: public; Owner: mediacms
--

CREATE INDEX files_encoding_media_id_5ebc509a ON public.files_encoding USING btree (media_id);


--
-- Name: files_encoding_profile_id_f908f956; Type: INDEX; Schema: public; Owner: mediacms
--

CREATE INDEX files_encoding_profile_id_f908f956 ON public.files_encoding USING btree (profile_id);


--
-- Name: files_license_title_ed46091a_like; Type: INDEX; Schema: public; Owner: mediacms
--

CREATE INDEX files_license_title_ed46091a_like ON public.files_license USING btree (title varchar_pattern_ops);


--
-- Name: files_media_add_date_e8a232ff; Type: INDEX; Schema: public; Owner: mediacms
--

CREATE INDEX files_media_add_date_e8a232ff ON public.files_media USING btree (add_date);


--
-- Name: files_media_category_category_id_381a78d2; Type: INDEX; Schema: public; Owner: mediacms
--

CREATE INDEX files_media_category_category_id_381a78d2 ON public.files_media_category USING btree (category_id);


--
-- Name: files_media_category_media_id_8de8e458; Type: INDEX; Schema: public; Owner: mediacms
--

CREATE INDEX files_media_category_media_id_8de8e458 ON public.files_media_category USING btree (media_id);


--
-- Name: files_media_channel_id_a9509d3b; Type: INDEX; Schema: public; Owner: mediacms
--

CREATE INDEX files_media_channel_id_a9509d3b ON public.files_media USING btree (channel_id);


--
-- Name: files_media_encoding_status_6173cf1e; Type: INDEX; Schema: public; Owner: mediacms
--

CREATE INDEX files_media_encoding_status_6173cf1e ON public.files_media USING btree (encoding_status);


--
-- Name: files_media_encoding_status_6173cf1e_like; Type: INDEX; Schema: public; Owner: mediacms
--

CREATE INDEX files_media_encoding_status_6173cf1e_like ON public.files_media USING btree (encoding_status varchar_pattern_ops);


--
-- Name: files_media_featured_6373b72b; Type: INDEX; Schema: public; Owner: mediacms
--

CREATE INDEX files_media_featured_6373b72b ON public.files_media USING btree (featured);


--
-- Name: files_media_friendly_token_b6ca984c; Type: INDEX; Schema: public; Owner: mediacms
--

CREATE INDEX files_media_friendly_token_b6ca984c ON public.files_media USING btree (friendly_token);


--
-- Name: files_media_friendly_token_b6ca984c_like; Type: INDEX; Schema: public; Owner: mediacms
--

CREATE INDEX files_media_friendly_token_b6ca984c_like ON public.files_media USING btree (friendly_token varchar_pattern_ops);


--
-- Name: files_media_is_reviewed_25586847; Type: INDEX; Schema: public; Owner: mediacms
--

CREATE INDEX files_media_is_reviewed_25586847 ON public.files_media USING btree (is_reviewed);


--
-- Name: files_media_license_id_f943216b; Type: INDEX; Schema: public; Owner: mediacms
--

CREATE INDEX files_media_license_id_f943216b ON public.files_media USING btree (license_id);


--
-- Name: files_media_likes_510f6eb4; Type: INDEX; Schema: public; Owner: mediacms
--

CREATE INDEX files_media_likes_510f6eb4 ON public.files_media USING btree (likes);


--
-- Name: files_media_media_type_6bae9c75; Type: INDEX; Schema: public; Owner: mediacms
--

CREATE INDEX files_media_media_type_6bae9c75 ON public.files_media USING btree (media_type);


--
-- Name: files_media_media_type_6bae9c75_like; Type: INDEX; Schema: public; Owner: mediacms
--

CREATE INDEX files_media_media_type_6bae9c75_like ON public.files_media USING btree (media_type varchar_pattern_ops);


--
-- Name: files_media_rating_category_media_id_0811bd7a; Type: INDEX; Schema: public; Owner: mediacms
--

CREATE INDEX files_media_rating_category_media_id_0811bd7a ON public.files_media_rating_category USING btree (media_id);


--
-- Name: files_media_rating_category_ratingcategory_id_1b86c529; Type: INDEX; Schema: public; Owner: mediacms
--

CREATE INDEX files_media_rating_category_ratingcategory_id_1b86c529 ON public.files_media_rating_category USING btree (ratingcategory_id);


--
-- Name: files_media_search_7194c6_gin; Type: INDEX; Schema: public; Owner: mediacms
--

CREATE INDEX files_media_search_7194c6_gin ON public.files_media USING gin (search);


--
-- Name: files_media_state_382a9bd1; Type: INDEX; Schema: public; Owner: mediacms
--

CREATE INDEX files_media_state_382a9bd1 ON public.files_media USING btree (state);


--
-- Name: files_media_state_382a9bd1_like; Type: INDEX; Schema: public; Owner: mediacms
--

CREATE INDEX files_media_state_382a9bd1_like ON public.files_media USING btree (state varchar_pattern_ops);


--
-- Name: files_media_tags_media_id_69b7c915; Type: INDEX; Schema: public; Owner: mediacms
--

CREATE INDEX files_media_tags_media_id_69b7c915 ON public.files_media_tags USING btree (media_id);


--
-- Name: files_media_tags_tag_id_ddd78bbd; Type: INDEX; Schema: public; Owner: mediacms
--

CREATE INDEX files_media_tags_tag_id_ddd78bbd ON public.files_media_tags USING btree (tag_id);


--
-- Name: files_media_title_939235a8; Type: INDEX; Schema: public; Owner: mediacms
--

CREATE INDEX files_media_title_939235a8 ON public.files_media USING btree (title);


--
-- Name: files_media_title_939235a8_like; Type: INDEX; Schema: public; Owner: mediacms
--

CREATE INDEX files_media_title_939235a8_like ON public.files_media USING btree (title varchar_pattern_ops);


--
-- Name: files_media_user_id_7497c8c6; Type: INDEX; Schema: public; Owner: mediacms
--

CREATE INDEX files_media_user_id_7497c8c6 ON public.files_media USING btree (user_id);


--
-- Name: files_media_views_fb53b2bc; Type: INDEX; Schema: public; Owner: mediacms
--

CREATE INDEX files_media_views_fb53b2bc ON public.files_media USING btree (views);


--
-- Name: files_playlist_add_date_735f482b; Type: INDEX; Schema: public; Owner: mediacms
--

CREATE INDEX files_playlist_add_date_735f482b ON public.files_playlist USING btree (add_date);


--
-- Name: files_playlist_friendly_token_b47682a3; Type: INDEX; Schema: public; Owner: mediacms
--

CREATE INDEX files_playlist_friendly_token_b47682a3 ON public.files_playlist USING btree (friendly_token);


--
-- Name: files_playlist_friendly_token_b47682a3_like; Type: INDEX; Schema: public; Owner: mediacms
--

CREATE INDEX files_playlist_friendly_token_b47682a3_like ON public.files_playlist USING btree (friendly_token varchar_pattern_ops);


--
-- Name: files_playlist_title_3d41ead9; Type: INDEX; Schema: public; Owner: mediacms
--

CREATE INDEX files_playlist_title_3d41ead9 ON public.files_playlist USING btree (title);


--
-- Name: files_playlist_title_3d41ead9_like; Type: INDEX; Schema: public; Owner: mediacms
--

CREATE INDEX files_playlist_title_3d41ead9_like ON public.files_playlist USING btree (title varchar_pattern_ops);


--
-- Name: files_playlist_user_id_eea40219; Type: INDEX; Schema: public; Owner: mediacms
--

CREATE INDEX files_playlist_user_id_eea40219 ON public.files_playlist USING btree (user_id);


--
-- Name: files_playlistmedia_media_id_dcd75842; Type: INDEX; Schema: public; Owner: mediacms
--

CREATE INDEX files_playlistmedia_media_id_dcd75842 ON public.files_playlistmedia USING btree (media_id);


--
-- Name: files_playlistmedia_playlist_id_2af9e1db; Type: INDEX; Schema: public; Owner: mediacms
--

CREATE INDEX files_playlistmedia_playlist_id_2af9e1db ON public.files_playlistmedia USING btree (playlist_id);


--
-- Name: files_ratin_user_id_72ca6a_idx; Type: INDEX; Schema: public; Owner: mediacms
--

CREATE INDEX files_ratin_user_id_72ca6a_idx ON public.files_rating USING btree (user_id, media_id);


--
-- Name: files_rating_media_id_c5adda2d; Type: INDEX; Schema: public; Owner: mediacms
--

CREATE INDEX files_rating_media_id_c5adda2d ON public.files_rating USING btree (media_id);


--
-- Name: files_rating_rating_category_id_42ef80ee; Type: INDEX; Schema: public; Owner: mediacms
--

CREATE INDEX files_rating_rating_category_id_42ef80ee ON public.files_rating USING btree (rating_category_id);


--
-- Name: files_rating_user_id_9c790556; Type: INDEX; Schema: public; Owner: mediacms
--

CREATE INDEX files_rating_user_id_9c790556 ON public.files_rating USING btree (user_id);


--
-- Name: files_ratingcategory_title_9aec3809_like; Type: INDEX; Schema: public; Owner: mediacms
--

CREATE INDEX files_ratingcategory_title_9aec3809_like ON public.files_ratingcategory USING btree (title varchar_pattern_ops);


--
-- Name: files_subtitle_language_id_1a5b7c56; Type: INDEX; Schema: public; Owner: mediacms
--

CREATE INDEX files_subtitle_language_id_1a5b7c56 ON public.files_subtitle USING btree (language_id);


--
-- Name: files_subtitle_media_id_546cab84; Type: INDEX; Schema: public; Owner: mediacms
--

CREATE INDEX files_subtitle_media_id_546cab84 ON public.files_subtitle USING btree (media_id);


--
-- Name: files_subtitle_user_id_b0c67dbf; Type: INDEX; Schema: public; Owner: mediacms
--

CREATE INDEX files_subtitle_user_id_b0c67dbf ON public.files_subtitle USING btree (user_id);


--
-- Name: files_tag_listings_thumbnail_85dff8be; Type: INDEX; Schema: public; Owner: mediacms
--

CREATE INDEX files_tag_listings_thumbnail_85dff8be ON public.files_tag USING btree (listings_thumbnail);


--
-- Name: files_tag_listings_thumbnail_85dff8be_like; Type: INDEX; Schema: public; Owner: mediacms
--

CREATE INDEX files_tag_listings_thumbnail_85dff8be_like ON public.files_tag USING btree (listings_thumbnail varchar_pattern_ops);


--
-- Name: files_tag_title_49763ad5_like; Type: INDEX; Schema: public; Owner: mediacms
--

CREATE INDEX files_tag_title_49763ad5_like ON public.files_tag USING btree (title varchar_pattern_ops);


--
-- Name: files_tag_user_id_9b8eae43; Type: INDEX; Schema: public; Owner: mediacms
--

CREATE INDEX files_tag_user_id_9b8eae43 ON public.files_tag USING btree (user_id);


--
-- Name: socialaccount_socialaccount_user_id_8146e70c; Type: INDEX; Schema: public; Owner: mediacms
--

CREATE INDEX socialaccount_socialaccount_user_id_8146e70c ON public.socialaccount_socialaccount USING btree (user_id);


--
-- Name: socialaccount_socialapp_sites_site_id_2579dee5; Type: INDEX; Schema: public; Owner: mediacms
--

CREATE INDEX socialaccount_socialapp_sites_site_id_2579dee5 ON public.socialaccount_socialapp_sites USING btree (site_id);


--
-- Name: socialaccount_socialapp_sites_socialapp_id_97fb6e7d; Type: INDEX; Schema: public; Owner: mediacms
--

CREATE INDEX socialaccount_socialapp_sites_socialapp_id_97fb6e7d ON public.socialaccount_socialapp_sites USING btree (socialapp_id);


--
-- Name: socialaccount_socialtoken_account_id_951f210e; Type: INDEX; Schema: public; Owner: mediacms
--

CREATE INDEX socialaccount_socialtoken_account_id_951f210e ON public.socialaccount_socialtoken USING btree (account_id);


--
-- Name: socialaccount_socialtoken_app_id_636a42d7; Type: INDEX; Schema: public; Owner: mediacms
--

CREATE INDEX socialaccount_socialtoken_app_id_636a42d7 ON public.socialaccount_socialtoken USING btree (app_id);


--
-- Name: unique_primary_email; Type: INDEX; Schema: public; Owner: mediacms
--

CREATE UNIQUE INDEX unique_primary_email ON public.account_emailaddress USING btree (user_id, "primary") WHERE "primary";


--
-- Name: unique_verified_email; Type: INDEX; Schema: public; Owner: mediacms
--

CREATE UNIQUE INDEX unique_verified_email ON public.account_emailaddress USING btree (email) WHERE verified;


--
-- Name: users_channel_add_date_00a79fd7; Type: INDEX; Schema: public; Owner: mediacms
--

CREATE INDEX users_channel_add_date_00a79fd7 ON public.users_channel USING btree (add_date);


--
-- Name: users_channel_subscribers_channel_id_799e674b; Type: INDEX; Schema: public; Owner: mediacms
--

CREATE INDEX users_channel_subscribers_channel_id_799e674b ON public.users_channel_subscribers USING btree (channel_id);


--
-- Name: users_channel_subscribers_user_id_5ee07707; Type: INDEX; Schema: public; Owner: mediacms
--

CREATE INDEX users_channel_subscribers_user_id_5ee07707 ON public.users_channel_subscribers USING btree (user_id);


--
-- Name: users_channel_title_e01c59f6; Type: INDEX; Schema: public; Owner: mediacms
--

CREATE INDEX users_channel_title_e01c59f6 ON public.users_channel USING btree (title);


--
-- Name: users_channel_title_e01c59f6_like; Type: INDEX; Schema: public; Owner: mediacms
--

CREATE INDEX users_channel_title_e01c59f6_like ON public.users_channel USING btree (title varchar_pattern_ops);


--
-- Name: users_channel_user_id_e1cfbd55; Type: INDEX; Schema: public; Owner: mediacms
--

CREATE INDEX users_channel_user_id_e1cfbd55 ON public.users_channel USING btree (user_id);


--
-- Name: users_notification_user_id_fed360c8; Type: INDEX; Schema: public; Owner: mediacms
--

CREATE INDEX users_notification_user_id_fed360c8 ON public.users_notification USING btree (user_id);


--
-- Name: users_user_advancedUser_20ceff67; Type: INDEX; Schema: public; Owner: mediacms
--

CREATE INDEX "users_user_advancedUser_20ceff67" ON public.users_user USING btree ("advancedUser");


--
-- Name: users_user_date_ad_4eb0b8_idx; Type: INDEX; Schema: public; Owner: mediacms
--

CREATE INDEX users_user_date_ad_4eb0b8_idx ON public.users_user USING btree (date_added DESC, name);


--
-- Name: users_user_date_added_790084eb; Type: INDEX; Schema: public; Owner: mediacms
--

CREATE INDEX users_user_date_added_790084eb ON public.users_user USING btree (date_added);


--
-- Name: users_user_groups_group_id_9afc8d0e; Type: INDEX; Schema: public; Owner: mediacms
--

CREATE INDEX users_user_groups_group_id_9afc8d0e ON public.users_user_groups USING btree (group_id);


--
-- Name: users_user_groups_user_id_5f6f5a90; Type: INDEX; Schema: public; Owner: mediacms
--

CREATE INDEX users_user_groups_user_id_5f6f5a90 ON public.users_user_groups USING btree (user_id);


--
-- Name: users_user_is_editor_881e840d; Type: INDEX; Schema: public; Owner: mediacms
--

CREATE INDEX users_user_is_editor_881e840d ON public.users_user USING btree (is_editor);


--
-- Name: users_user_is_featured_23e2302d; Type: INDEX; Schema: public; Owner: mediacms
--

CREATE INDEX users_user_is_featured_23e2302d ON public.users_user USING btree (is_featured);


--
-- Name: users_user_is_manager_fce76178; Type: INDEX; Schema: public; Owner: mediacms
--

CREATE INDEX users_user_is_manager_fce76178 ON public.users_user USING btree (is_manager);


--
-- Name: users_user_name_92672bf9; Type: INDEX; Schema: public; Owner: mediacms
--

CREATE INDEX users_user_name_92672bf9 ON public.users_user USING btree (name);


--
-- Name: users_user_name_92672bf9_like; Type: INDEX; Schema: public; Owner: mediacms
--

CREATE INDEX users_user_name_92672bf9_like ON public.users_user USING btree (name varchar_pattern_ops);


--
-- Name: users_user_user_permissions_permission_id_0b93982e; Type: INDEX; Schema: public; Owner: mediacms
--

CREATE INDEX users_user_user_permissions_permission_id_0b93982e ON public.users_user_user_permissions USING btree (permission_id);


--
-- Name: users_user_user_permissions_user_id_20aca447; Type: INDEX; Schema: public; Owner: mediacms
--

CREATE INDEX users_user_user_permissions_user_id_20aca447 ON public.users_user_user_permissions USING btree (user_id);


--
-- Name: users_user_username_06e46fe6_like; Type: INDEX; Schema: public; Owner: mediacms
--

CREATE INDEX users_user_username_06e46fe6_like ON public.users_user USING btree (username varchar_pattern_ops);


--
-- Name: account_emailaddress account_emailaddress_user_id_2c513194_fk_users_user_id; Type: FK CONSTRAINT; Schema: public; Owner: mediacms
--

ALTER TABLE ONLY public.account_emailaddress
    ADD CONSTRAINT account_emailaddress_user_id_2c513194_fk_users_user_id FOREIGN KEY (user_id) REFERENCES public.users_user(id) DEFERRABLE INITIALLY DEFERRED;


--
-- Name: account_emailconfirmation account_emailconfirm_email_address_id_5b7f8c58_fk_account_e; Type: FK CONSTRAINT; Schema: public; Owner: mediacms
--

ALTER TABLE ONLY public.account_emailconfirmation
    ADD CONSTRAINT account_emailconfirm_email_address_id_5b7f8c58_fk_account_e FOREIGN KEY (email_address_id) REFERENCES public.account_emailaddress(id) DEFERRABLE INITIALLY DEFERRED;


--
-- Name: actions_mediaaction actions_mediaaction_media_id_cb070793_fk_files_media_id; Type: FK CONSTRAINT; Schema: public; Owner: mediacms
--

ALTER TABLE ONLY public.actions_mediaaction
    ADD CONSTRAINT actions_mediaaction_media_id_cb070793_fk_files_media_id FOREIGN KEY (media_id) REFERENCES public.files_media(id) DEFERRABLE INITIALLY DEFERRED;


--
-- Name: actions_mediaaction actions_mediaaction_user_id_5148c743_fk_users_user_id; Type: FK CONSTRAINT; Schema: public; Owner: mediacms
--

ALTER TABLE ONLY public.actions_mediaaction
    ADD CONSTRAINT actions_mediaaction_user_id_5148c743_fk_users_user_id FOREIGN KEY (user_id) REFERENCES public.users_user(id) DEFERRABLE INITIALLY DEFERRED;


--
-- Name: auth_group_permissions auth_group_permissio_permission_id_84c5c92e_fk_auth_perm; Type: FK CONSTRAINT; Schema: public; Owner: mediacms
--

ALTER TABLE ONLY public.auth_group_permissions
    ADD CONSTRAINT auth_group_permissio_permission_id_84c5c92e_fk_auth_perm FOREIGN KEY (permission_id) REFERENCES public.auth_permission(id) DEFERRABLE INITIALLY DEFERRED;


--
-- Name: auth_group_permissions auth_group_permissions_group_id_b120cbf9_fk_auth_group_id; Type: FK CONSTRAINT; Schema: public; Owner: mediacms
--

ALTER TABLE ONLY public.auth_group_permissions
    ADD CONSTRAINT auth_group_permissions_group_id_b120cbf9_fk_auth_group_id FOREIGN KEY (group_id) REFERENCES public.auth_group(id) DEFERRABLE INITIALLY DEFERRED;


--
-- Name: auth_permission auth_permission_content_type_id_2f476e4b_fk_django_co; Type: FK CONSTRAINT; Schema: public; Owner: mediacms
--

ALTER TABLE ONLY public.auth_permission
    ADD CONSTRAINT auth_permission_content_type_id_2f476e4b_fk_django_co FOREIGN KEY (content_type_id) REFERENCES public.django_content_type(id) DEFERRABLE INITIALLY DEFERRED;


--
-- Name: authtoken_token authtoken_token_user_id_35299eff_fk_users_user_id; Type: FK CONSTRAINT; Schema: public; Owner: mediacms
--

ALTER TABLE ONLY public.authtoken_token
    ADD CONSTRAINT authtoken_token_user_id_35299eff_fk_users_user_id FOREIGN KEY (user_id) REFERENCES public.users_user(id) DEFERRABLE INITIALLY DEFERRED;


--
-- Name: django_admin_log django_admin_log_content_type_id_c4bce8eb_fk_django_co; Type: FK CONSTRAINT; Schema: public; Owner: mediacms
--

ALTER TABLE ONLY public.django_admin_log
    ADD CONSTRAINT django_admin_log_content_type_id_c4bce8eb_fk_django_co FOREIGN KEY (content_type_id) REFERENCES public.django_content_type(id) DEFERRABLE INITIALLY DEFERRED;


--
-- Name: django_admin_log django_admin_log_user_id_c564eba6_fk_users_user_id; Type: FK CONSTRAINT; Schema: public; Owner: mediacms
--

ALTER TABLE ONLY public.django_admin_log
    ADD CONSTRAINT django_admin_log_user_id_c564eba6_fk_users_user_id FOREIGN KEY (user_id) REFERENCES public.users_user(id) DEFERRABLE INITIALLY DEFERRED;


--
-- Name: files_category files_category_user_id_485c03d6_fk_users_user_id; Type: FK CONSTRAINT; Schema: public; Owner: mediacms
--

ALTER TABLE ONLY public.files_category
    ADD CONSTRAINT files_category_user_id_485c03d6_fk_users_user_id FOREIGN KEY (user_id) REFERENCES public.users_user(id) DEFERRABLE INITIALLY DEFERRED;


--
-- Name: files_comment files_comment_media_id_87bb4dbe_fk_files_media_id; Type: FK CONSTRAINT; Schema: public; Owner: mediacms
--

ALTER TABLE ONLY public.files_comment
    ADD CONSTRAINT files_comment_media_id_87bb4dbe_fk_files_media_id FOREIGN KEY (media_id) REFERENCES public.files_media(id) DEFERRABLE INITIALLY DEFERRED;


--
-- Name: files_comment files_comment_parent_id_1ec2ef3a_fk_files_comment_id; Type: FK CONSTRAINT; Schema: public; Owner: mediacms
--

ALTER TABLE ONLY public.files_comment
    ADD CONSTRAINT files_comment_parent_id_1ec2ef3a_fk_files_comment_id FOREIGN KEY (parent_id) REFERENCES public.files_comment(id) DEFERRABLE INITIALLY DEFERRED;


--
-- Name: files_comment files_comment_user_id_899d0cd4_fk_users_user_id; Type: FK CONSTRAINT; Schema: public; Owner: mediacms
--

ALTER TABLE ONLY public.files_comment
    ADD CONSTRAINT files_comment_user_id_899d0cd4_fk_users_user_id FOREIGN KEY (user_id) REFERENCES public.users_user(id) DEFERRABLE INITIALLY DEFERRED;


--
-- Name: files_encoding files_encoding_media_id_5ebc509a_fk_files_media_id; Type: FK CONSTRAINT; Schema: public; Owner: mediacms
--

ALTER TABLE ONLY public.files_encoding
    ADD CONSTRAINT files_encoding_media_id_5ebc509a_fk_files_media_id FOREIGN KEY (media_id) REFERENCES public.files_media(id) DEFERRABLE INITIALLY DEFERRED;


--
-- Name: files_encoding files_encoding_profile_id_f908f956_fk_files_encodeprofile_id; Type: FK CONSTRAINT; Schema: public; Owner: mediacms
--

ALTER TABLE ONLY public.files_encoding
    ADD CONSTRAINT files_encoding_profile_id_f908f956_fk_files_encodeprofile_id FOREIGN KEY (profile_id) REFERENCES public.files_encodeprofile(id) DEFERRABLE INITIALLY DEFERRED;


--
-- Name: files_media_category files_media_category_category_id_381a78d2_fk_files_category_id; Type: FK CONSTRAINT; Schema: public; Owner: mediacms
--

ALTER TABLE ONLY public.files_media_category
    ADD CONSTRAINT files_media_category_category_id_381a78d2_fk_files_category_id FOREIGN KEY (category_id) REFERENCES public.files_category(id) DEFERRABLE INITIALLY DEFERRED;


--
-- Name: files_media_category files_media_category_media_id_8de8e458_fk_files_media_id; Type: FK CONSTRAINT; Schema: public; Owner: mediacms
--

ALTER TABLE ONLY public.files_media_category
    ADD CONSTRAINT files_media_category_media_id_8de8e458_fk_files_media_id FOREIGN KEY (media_id) REFERENCES public.files_media(id) DEFERRABLE INITIALLY DEFERRED;


--
-- Name: files_media files_media_channel_id_a9509d3b_fk_users_channel_id; Type: FK CONSTRAINT; Schema: public; Owner: mediacms
--

ALTER TABLE ONLY public.files_media
    ADD CONSTRAINT files_media_channel_id_a9509d3b_fk_users_channel_id FOREIGN KEY (channel_id) REFERENCES public.users_channel(id) DEFERRABLE INITIALLY DEFERRED;


--
-- Name: files_media files_media_license_id_f943216b_fk_files_license_id; Type: FK CONSTRAINT; Schema: public; Owner: mediacms
--

ALTER TABLE ONLY public.files_media
    ADD CONSTRAINT files_media_license_id_f943216b_fk_files_license_id FOREIGN KEY (license_id) REFERENCES public.files_license(id) DEFERRABLE INITIALLY DEFERRED;


--
-- Name: files_media_rating_category files_media_rating_c_ratingcategory_id_1b86c529_fk_files_rat; Type: FK CONSTRAINT; Schema: public; Owner: mediacms
--

ALTER TABLE ONLY public.files_media_rating_category
    ADD CONSTRAINT files_media_rating_c_ratingcategory_id_1b86c529_fk_files_rat FOREIGN KEY (ratingcategory_id) REFERENCES public.files_ratingcategory(id) DEFERRABLE INITIALLY DEFERRED;


--
-- Name: files_media_rating_category files_media_rating_category_media_id_0811bd7a_fk_files_media_id; Type: FK CONSTRAINT; Schema: public; Owner: mediacms
--

ALTER TABLE ONLY public.files_media_rating_category
    ADD CONSTRAINT files_media_rating_category_media_id_0811bd7a_fk_files_media_id FOREIGN KEY (media_id) REFERENCES public.files_media(id) DEFERRABLE INITIALLY DEFERRED;


--
-- Name: files_media_tags files_media_tags_media_id_69b7c915_fk_files_media_id; Type: FK CONSTRAINT; Schema: public; Owner: mediacms
--

ALTER TABLE ONLY public.files_media_tags
    ADD CONSTRAINT files_media_tags_media_id_69b7c915_fk_files_media_id FOREIGN KEY (media_id) REFERENCES public.files_media(id) DEFERRABLE INITIALLY DEFERRED;


--
-- Name: files_media_tags files_media_tags_tag_id_ddd78bbd_fk_files_tag_id; Type: FK CONSTRAINT; Schema: public; Owner: mediacms
--

ALTER TABLE ONLY public.files_media_tags
    ADD CONSTRAINT files_media_tags_tag_id_ddd78bbd_fk_files_tag_id FOREIGN KEY (tag_id) REFERENCES public.files_tag(id) DEFERRABLE INITIALLY DEFERRED;


--
-- Name: files_media files_media_user_id_7497c8c6_fk_users_user_id; Type: FK CONSTRAINT; Schema: public; Owner: mediacms
--

ALTER TABLE ONLY public.files_media
    ADD CONSTRAINT files_media_user_id_7497c8c6_fk_users_user_id FOREIGN KEY (user_id) REFERENCES public.users_user(id) DEFERRABLE INITIALLY DEFERRED;


--
-- Name: files_playlist files_playlist_user_id_eea40219_fk_users_user_id; Type: FK CONSTRAINT; Schema: public; Owner: mediacms
--

ALTER TABLE ONLY public.files_playlist
    ADD CONSTRAINT files_playlist_user_id_eea40219_fk_users_user_id FOREIGN KEY (user_id) REFERENCES public.users_user(id) DEFERRABLE INITIALLY DEFERRED;


--
-- Name: files_playlistmedia files_playlistmedia_media_id_dcd75842_fk_files_media_id; Type: FK CONSTRAINT; Schema: public; Owner: mediacms
--

ALTER TABLE ONLY public.files_playlistmedia
    ADD CONSTRAINT files_playlistmedia_media_id_dcd75842_fk_files_media_id FOREIGN KEY (media_id) REFERENCES public.files_media(id) DEFERRABLE INITIALLY DEFERRED;


--
-- Name: files_playlistmedia files_playlistmedia_playlist_id_2af9e1db_fk_files_playlist_id; Type: FK CONSTRAINT; Schema: public; Owner: mediacms
--

ALTER TABLE ONLY public.files_playlistmedia
    ADD CONSTRAINT files_playlistmedia_playlist_id_2af9e1db_fk_files_playlist_id FOREIGN KEY (playlist_id) REFERENCES public.files_playlist(id) DEFERRABLE INITIALLY DEFERRED;


--
-- Name: files_rating files_rating_media_id_c5adda2d_fk_files_media_id; Type: FK CONSTRAINT; Schema: public; Owner: mediacms
--

ALTER TABLE ONLY public.files_rating
    ADD CONSTRAINT files_rating_media_id_c5adda2d_fk_files_media_id FOREIGN KEY (media_id) REFERENCES public.files_media(id) DEFERRABLE INITIALLY DEFERRED;


--
-- Name: files_rating files_rating_rating_category_id_42ef80ee_fk_files_rat; Type: FK CONSTRAINT; Schema: public; Owner: mediacms
--

ALTER TABLE ONLY public.files_rating
    ADD CONSTRAINT files_rating_rating_category_id_42ef80ee_fk_files_rat FOREIGN KEY (rating_category_id) REFERENCES public.files_ratingcategory(id) DEFERRABLE INITIALLY DEFERRED;


--
-- Name: files_rating files_rating_user_id_9c790556_fk_users_user_id; Type: FK CONSTRAINT; Schema: public; Owner: mediacms
--

ALTER TABLE ONLY public.files_rating
    ADD CONSTRAINT files_rating_user_id_9c790556_fk_users_user_id FOREIGN KEY (user_id) REFERENCES public.users_user(id) DEFERRABLE INITIALLY DEFERRED;


--
-- Name: files_subtitle files_subtitle_language_id_1a5b7c56_fk_files_language_id; Type: FK CONSTRAINT; Schema: public; Owner: mediacms
--

ALTER TABLE ONLY public.files_subtitle
    ADD CONSTRAINT files_subtitle_language_id_1a5b7c56_fk_files_language_id FOREIGN KEY (language_id) REFERENCES public.files_language(id) DEFERRABLE INITIALLY DEFERRED;


--
-- Name: files_subtitle files_subtitle_media_id_546cab84_fk_files_media_id; Type: FK CONSTRAINT; Schema: public; Owner: mediacms
--

ALTER TABLE ONLY public.files_subtitle
    ADD CONSTRAINT files_subtitle_media_id_546cab84_fk_files_media_id FOREIGN KEY (media_id) REFERENCES public.files_media(id) DEFERRABLE INITIALLY DEFERRED;


--
-- Name: files_subtitle files_subtitle_user_id_b0c67dbf_fk_users_user_id; Type: FK CONSTRAINT; Schema: public; Owner: mediacms
--

ALTER TABLE ONLY public.files_subtitle
    ADD CONSTRAINT files_subtitle_user_id_b0c67dbf_fk_users_user_id FOREIGN KEY (user_id) REFERENCES public.users_user(id) DEFERRABLE INITIALLY DEFERRED;


--
-- Name: files_tag files_tag_user_id_9b8eae43_fk_users_user_id; Type: FK CONSTRAINT; Schema: public; Owner: mediacms
--

ALTER TABLE ONLY public.files_tag
    ADD CONSTRAINT files_tag_user_id_9b8eae43_fk_users_user_id FOREIGN KEY (user_id) REFERENCES public.users_user(id) DEFERRABLE INITIALLY DEFERRED;


--
-- Name: socialaccount_socialtoken socialaccount_social_account_id_951f210e_fk_socialacc; Type: FK CONSTRAINT; Schema: public; Owner: mediacms
--

ALTER TABLE ONLY public.socialaccount_socialtoken
    ADD CONSTRAINT socialaccount_social_account_id_951f210e_fk_socialacc FOREIGN KEY (account_id) REFERENCES public.socialaccount_socialaccount(id) DEFERRABLE INITIALLY DEFERRED;


--
-- Name: socialaccount_socialtoken socialaccount_social_app_id_636a42d7_fk_socialacc; Type: FK CONSTRAINT; Schema: public; Owner: mediacms
--

ALTER TABLE ONLY public.socialaccount_socialtoken
    ADD CONSTRAINT socialaccount_social_app_id_636a42d7_fk_socialacc FOREIGN KEY (app_id) REFERENCES public.socialaccount_socialapp(id) DEFERRABLE INITIALLY DEFERRED;


--
-- Name: socialaccount_socialapp_sites socialaccount_social_site_id_2579dee5_fk_django_si; Type: FK CONSTRAINT; Schema: public; Owner: mediacms
--

ALTER TABLE ONLY public.socialaccount_socialapp_sites
    ADD CONSTRAINT socialaccount_social_site_id_2579dee5_fk_django_si FOREIGN KEY (site_id) REFERENCES public.django_site(id) DEFERRABLE INITIALLY DEFERRED;


--
-- Name: socialaccount_socialapp_sites socialaccount_social_socialapp_id_97fb6e7d_fk_socialacc; Type: FK CONSTRAINT; Schema: public; Owner: mediacms
--

ALTER TABLE ONLY public.socialaccount_socialapp_sites
    ADD CONSTRAINT socialaccount_social_socialapp_id_97fb6e7d_fk_socialacc FOREIGN KEY (socialapp_id) REFERENCES public.socialaccount_socialapp(id) DEFERRABLE INITIALLY DEFERRED;


--
-- Name: socialaccount_socialaccount socialaccount_socialaccount_user_id_8146e70c_fk_users_user_id; Type: FK CONSTRAINT; Schema: public; Owner: mediacms
--

ALTER TABLE ONLY public.socialaccount_socialaccount
    ADD CONSTRAINT socialaccount_socialaccount_user_id_8146e70c_fk_users_user_id FOREIGN KEY (user_id) REFERENCES public.users_user(id) DEFERRABLE INITIALLY DEFERRED;


--
-- Name: users_channel_subscribers users_channel_subscr_channel_id_799e674b_fk_users_cha; Type: FK CONSTRAINT; Schema: public; Owner: mediacms
--

ALTER TABLE ONLY public.users_channel_subscribers
    ADD CONSTRAINT users_channel_subscr_channel_id_799e674b_fk_users_cha FOREIGN KEY (channel_id) REFERENCES public.users_channel(id) DEFERRABLE INITIALLY DEFERRED;


--
-- Name: users_channel_subscribers users_channel_subscribers_user_id_5ee07707_fk_users_user_id; Type: FK CONSTRAINT; Schema: public; Owner: mediacms
--

ALTER TABLE ONLY public.users_channel_subscribers
    ADD CONSTRAINT users_channel_subscribers_user_id_5ee07707_fk_users_user_id FOREIGN KEY (user_id) REFERENCES public.users_user(id) DEFERRABLE INITIALLY DEFERRED;


--
-- Name: users_channel users_channel_user_id_e1cfbd55_fk_users_user_id; Type: FK CONSTRAINT; Schema: public; Owner: mediacms
--

ALTER TABLE ONLY public.users_channel
    ADD CONSTRAINT users_channel_user_id_e1cfbd55_fk_users_user_id FOREIGN KEY (user_id) REFERENCES public.users_user(id) DEFERRABLE INITIALLY DEFERRED;


--
-- Name: users_notification users_notification_user_id_fed360c8_fk_users_user_id; Type: FK CONSTRAINT; Schema: public; Owner: mediacms
--

ALTER TABLE ONLY public.users_notification
    ADD CONSTRAINT users_notification_user_id_fed360c8_fk_users_user_id FOREIGN KEY (user_id) REFERENCES public.users_user(id) DEFERRABLE INITIALLY DEFERRED;


--
-- Name: users_user_groups users_user_groups_group_id_9afc8d0e_fk_auth_group_id; Type: FK CONSTRAINT; Schema: public; Owner: mediacms
--

ALTER TABLE ONLY public.users_user_groups
    ADD CONSTRAINT users_user_groups_group_id_9afc8d0e_fk_auth_group_id FOREIGN KEY (group_id) REFERENCES public.auth_group(id) DEFERRABLE INITIALLY DEFERRED;


--
-- Name: users_user_groups users_user_groups_user_id_5f6f5a90_fk_users_user_id; Type: FK CONSTRAINT; Schema: public; Owner: mediacms
--

ALTER TABLE ONLY public.users_user_groups
    ADD CONSTRAINT users_user_groups_user_id_5f6f5a90_fk_users_user_id FOREIGN KEY (user_id) REFERENCES public.users_user(id) DEFERRABLE INITIALLY DEFERRED;


--
-- Name: users_user_user_permissions users_user_user_perm_permission_id_0b93982e_fk_auth_perm; Type: FK CONSTRAINT; Schema: public; Owner: mediacms
--

ALTER TABLE ONLY public.users_user_user_permissions
    ADD CONSTRAINT users_user_user_perm_permission_id_0b93982e_fk_auth_perm FOREIGN KEY (permission_id) REFERENCES public.auth_permission(id) DEFERRABLE INITIALLY DEFERRED;


--
-- Name: users_user_user_permissions users_user_user_permissions_user_id_20aca447_fk_users_user_id; Type: FK CONSTRAINT; Schema: public; Owner: mediacms
--

ALTER TABLE ONLY public.users_user_user_permissions
    ADD CONSTRAINT users_user_user_permissions_user_id_20aca447_fk_users_user_id FOREIGN KEY (user_id) REFERENCES public.users_user(id) DEFERRABLE INITIALLY DEFERRED;


--
--

--
-- Database "postgres" dump
--

\connect postgres

--
--


SELECT pg_catalog.set_config('search_path', '', false);

--
--

--
-- PostgreSQL database cluster dump complete
--

